{"id":1242,"date":"2024-09-30T08:08:10","date_gmt":"2024-09-30T06:08:10","guid":{"rendered":"https:\/\/staghorn.pl\/?post_type=product&#038;p=1242"},"modified":"2025-11-25T18:32:54","modified_gmt":"2025-11-25T17:32:54","slug":"niebieskie-trojkatne-sztyfty","status":"publish","type":"product","link":"https:\/\/staghorn.pl\/?product=niebieskie-trojkatne-sztyfty","title":{"rendered":"Niebieskie Tr\u00f3jk\u0105tne Sztyfty"},"content":{"rendered":"<h1 style=\"text-align: center;\"><strong>Niebieskie tr\u00f3jk\u0105tne sztyfty \u2013 Elegancja i symbolika w nowoczesnej formie \ud83d\udc8e\ud83d\udc99<\/strong><\/h1>\n<p>Odkryj subtelne pi\u0119kno, jakie nios\u0105 ze sob\u0105 niebieskie tr\u00f3jk\u0105tne sztyfty, kt\u00f3re idealnie \u0142\u0105cz\u0105 minimalistyczny design z g\u0142\u0119bok\u0105 symbolik\u0105. Te kolczyki wykonane s\u0105 z najwy\u017csz\u0105 precyzj\u0105, a ich geometryczna forma oraz unikalna kolorystyka sprawiaj\u0105, \u017ce stanowi\u0105 doskona\u0142y wyb\u00f3r zar\u00f3wno na co dzie\u0144, jak i na specjalne okazje. Ka\u017cdy kolczyk sk\u0142ada si\u0119 z delikatnie u\u0142o\u017conych koralik\u00f3w w trzech odcieniach niebieskiego, dope\u0142nionych z\u0142otymi akcentami, tworz\u0105c eleganck\u0105 i harmonijn\u0105 kompozycj\u0119. Symbolika tr\u00f3jk\u0105ta, kojarzona z harmoni\u0105 i r\u00f3wnowag\u0105, w po\u0142\u0105czeniu z odcieniami niebieskiego, kt\u00f3re symbolizuj\u0105 spok\u00f3j i kreatywno\u015b\u0107, tworzy bi\u017cuteri\u0119 doskona\u0142\u0105 dla ka\u017cdej kobiety.<\/p>\n<hr \/>\n<h2 style=\"text-align: center;\"><strong>\u00a0Materia\u0142y najwy\u017cszej jako\u015bci \u2013 Komfort i trwa\u0142o\u015b\u0107 na lata \ud83d\udee1\ufe0f<\/strong><\/h2>\n<p>Kolczyki zosta\u0142y misternie wykonany r\u0119cznie, przy u\u017cyciu koralik\u00f3w Miyuki Delica \u2013 znanych z precyzyjnego kszta\u0142tu i idealnej symetrii. Dzi\u0119ki wykorzystaniu \u015bciegu peyote, kolczyki s\u0105 nie tylko estetyczne, ale r\u00f3wnie\u017c lekkie i wygodne, co zapewnia komfort noszenia przez ca\u0142y dzie\u0144. Ich z\u0142ote akcenty wspaniale kontrastuj\u0105 z niebieskim, dodaj\u0105c delikatnego blasku, kt\u00f3ry wyr\u00f3\u017cni Ci\u0119 z t\u0142umu.<\/p>\n<hr \/>\n<h3 style=\"text-align: center;\"><strong>Dost\u0119pno\u015b\u0107 w wielu kolorach \u2013 Tw\u00f3j wyb\u00f3r stylu \ud83c\udfa8<\/strong><\/h3>\n<p>Kolczyki s\u0105 dost\u0119pne nie tylko w niebieskiej wersji \ud83d\udc99 \u2013 mo\u017cesz je r\u00f3wnie\u017c znale\u017a\u0107 w innych wyj\u0105tkowych kolorach, takich jak <strong><a href=\"https:\/\/staghorn.pl\/?product=minimalistyczne-trojkatne-kolczyki-na-sztyfcie\">fiolet<\/a>,<\/strong> <a href=\"https:\/\/staghorn.pl\/?product=bezowe-trojkatne-sztyfty\"><strong>be\u017c<\/strong><\/a>, a tak\u017ce <a href=\"https:\/\/staghorn.pl\/?product=duze-trojkatne-sztyfty-w-szarym-kolorze\"><strong>szaro\u015b\u0107<\/strong><\/a> w nieco rozbudowanej formie<span style=\"font-family: var(--global-body-font-family);\">, kt\u00f3ra wyr\u00f3\u017cnia si\u0119 eleganckim wyko\u0144czeniem. Je\u017celi natomiast szukasz pasuj\u0105cej do tych niebieskich sztyft\u00f3w bransoletki, koniecznie zajrzyj <strong><a href=\"https:\/\/staghorn.pl\/?product=niebieski-zestaw-eleganckiej-bizuterii\">TUTAJ<\/a><\/strong>. Sprawd\u017a co <\/span><span style=\"font-family: var(--global-body-font-family);\">najlepiej pasuje do Twojego unikalnego stylu.<\/span><\/p>\n<hr \/>\n<h3 style=\"text-align: center;\"><strong>Uniwersalny dodatek na ka\u017cd\u0105 okazj\u0119 \ud83c\udf8a<\/strong><\/h3>\n<p>Niezale\u017cnie od tego, czy szykujesz si\u0119 na eleganck\u0105 kolacj\u0119, formalne spotkanie, czy po prostu chcesz doda\u0107 wyj\u0105tkowego akcentu do codziennego stroju \u2013 niebieskie tr\u00f3jk\u0105tne sztyfty b\u0119d\u0105 doskona\u0142ym wyborem. Ich uniwersalny, geometryczny design pasuje do r\u00f3\u017cnych stylizacji, od casualowych po bardziej eleganckie, dodaj\u0105c im wyrazisto\u015bci i klasy.<\/p>\n<hr \/>\n<h3 style=\"text-align: center;\"><strong>Symbolika kolor\u00f3w i tr\u00f3jk\u0105ta \u2013 Bi\u017cuteria pe\u0142na znacze\u0144 \ud83d\udc8e<\/strong><\/h3>\n<p>Niebieski kolor w tych kolczykach symbolizuje spok\u00f3j, m\u0105dro\u015b\u0107 i kreatywno\u015b\u0107, a jego r\u00f3\u017cne odcienie subtelnie przeplataj\u0105 si\u0119 z b\u0142yszcz\u0105cymi, z\u0142otymi detalami. Tr\u00f3jk\u0105t, kt\u00f3ry jest g\u0142\u00f3wnym motywem, symbolizuje harmoni\u0119 i r\u00f3wnowag\u0119, co sprawia, \u017ce kolczyki te to nie tylko pi\u0119kny dodatek, ale tak\u017ce wyraz g\u0142\u0119bszych warto\u015bci. Dzi\u0119ki temu stanowi\u0105 wyj\u0105tkow\u0105 bi\u017cuteri\u0119, kt\u00f3ra podkre\u015bla osobowo\u015b\u0107 i pewno\u015b\u0107 siebie.<\/p>\n<hr \/>\n<h3 style=\"text-align: center;\"><strong>Idealny pomys\u0142 na prezent \ud83c\udf81<\/strong><\/h3>\n<p>Je\u015bli szukasz unikalnego prezentu, te niebieskie tr\u00f3jk\u0105tne sztyfty b\u0119d\u0105 doskona\u0142ym wyborem. Dzi\u0119ki swojej symbolice, precyzyjnemu wykonaniu i eleganckiemu designowi, sprawdz\u0105 si\u0119 na wiele r\u00f3\u017cnych okazji \u2013 od urodzin, przez rocznice, a\u017c po \u015bwi\u0119ta. Ich elegancka forma i subtelny blask sprawiaj\u0105, \u017ce zachwyc\u0105 ka\u017cd\u0105 obdarowan\u0105 osob\u0119.<\/p>\n<hr \/>\n<p>&nbsp;<\/p>\n<p>\ud83d\udce9 Je\u015bli masz jakiekolwiek pytania, mo\u017cesz skontaktowa\u0107 si\u0119 ze mn\u0105 za po\u015brednictwem <a href=\"https:\/\/staghorn.pl\/?page_id=126\">formularza kontaktowego<\/a><\/p>\n<p>\ud83d\udcbb\u00a0 Pami\u0119taj, \u017ce ze wzgl\u0119du na efekty o\u015bwietleniowe, jasno\u015b\u0107 monitora, kontrast oraz inne ustawienia, mog\u0105 wyst\u0105pi\u0107 niewielkie r\u00f3\u017cnice w odcieniu koloru zdj\u0119cia na stronie internetowej a rzeczywistym produktem.<\/p>\n<p>&nbsp;<\/p>\n","protected":false},"excerpt":{"rendered":"<h3>Szczeg\u00f3\u0142y produktu:<\/h3>\n<ul>\n<li><strong>Typ:<\/strong> Kolczyki sztyfty<\/li>\n<li><strong>Kszta\u0142t:<\/strong> Tr\u00f3jk\u0105t<\/li>\n<li><strong>Wymiary:<\/strong> 1,5 x 1,5 cm<\/li>\n<li><strong>Technika:<\/strong> Peyote<\/li>\n<li><strong>Materia\u0142y:<\/strong> Koraliki Miyuki Delica, stal nierdzewna<\/li>\n<li><strong>Kolory:<\/strong> Odcienie niebieskiego i z\u0142ota<\/li>\n<li><strong>Zapi\u0119cie:<\/strong> Sztyfty ze stali nierdzewnej<\/li>\n<\/ul>\n","protected":false},"featured_media":1244,"comment_status":"open","ping_status":"closed","template":"","meta":{"_kad_post_transparent":"default","_kad_post_title":"","_kad_post_layout":"default","_kad_post_sidebar_id":"","_kad_post_content_style":"default","_kad_post_vertical_padding":"default","_kad_post_feature":"","_kad_post_feature_position":"","_kad_post_header":false,"_kad_post_footer":false,"_kad_post_classname":""},"product_brand":[],"product_cat":[153,21,138,111,113],"product_tag":[54,45,42,72,71,36,58,75,44,57,39,46,81,68,37,76,62,70,60],"class_list":{"0":"post-1242","1":"product","2":"type-product","3":"status-publish","4":"has-post-thumbnail","6":"product_cat-bizuteria-z-koralikow","7":"product_cat-kolczyki","8":"product_cat-kolczyki-seria-chevron","9":"product_cat-male-sztyfty","10":"product_cat-seria-chevron","11":"product_tag-akcesoria-dla-kobiet","12":"product_tag-bizuteria-dla-kobiet","13":"product_tag-bizuteria-na-co-dzien","14":"product_tag-bizuteria-na-wieczorne-wyjscia","15":"product_tag-bransoletka-do-pracy","16":"product_tag-delikatna-bizuteria","17":"product_tag-elegancka-bizuteria","18":"product_tag-geometryczna-bizuteria","19":"product_tag-kolczyki","20":"product_tag-kolczyki-na-sztyfcie","21":"product_tag-moda-damska","22":"product_tag-modne-dodatki","23":"product_tag-niebieski","24":"product_tag-prezent-dla-dziewczynki","25":"product_tag-prezent-dla-niej","26":"product_tag-trojktne-sztyfty","27":"product_tag-wiosenne-stylizacje","28":"product_tag-zlota-bizuteria","29":"product_tag-zlote-kolczyki","30":"product_shipping_class-male-gabaryty","32":"first","33":"instock","34":"shipping-taxable","35":"purchasable","36":"product-type-simple","37":"entry","38":"content-bg","39":"loop-entry"},"yoast_head":"<!-- This site is optimized with the Yoast SEO plugin v27.4 - https:\/\/yoast.com\/product\/yoast-seo-wordpress\/ -->\n<title>Niebieskie Tr\u00f3jk\u0105tne Sztyfty - Staghorn<\/title>\n<meta name=\"description\" content=\"Szukasz bi\u017cuterii, kt\u00f3ra \u0142\u0105czy w sobie subtelno\u015b\u0107 i oryginalno\u015b\u0107? Te Niebieskie tr\u00f3jk\u0105tne sztyfty to prawdziwy skarb w \u015bwiecie r\u0119kodzielniczej bi\u017cuterii!\" \/>\n<meta name=\"robots\" content=\"index, follow, max-snippet:-1, max-image-preview:large, max-video-preview:-1\" \/>\n<link rel=\"canonical\" href=\"https:\/\/staghorn.pl\/?product=niebieskie-trojkatne-sztyfty\" \/>\n<meta property=\"og:locale\" content=\"pl_PL\" \/>\n<meta property=\"og:type\" content=\"article\" \/>\n<meta property=\"og:title\" content=\"Niebieskie Tr\u00f3jk\u0105tne Sztyfty - Staghorn\" \/>\n<meta property=\"og:description\" content=\"Szukasz bi\u017cuterii, kt\u00f3ra \u0142\u0105czy w sobie subtelno\u015b\u0107 i oryginalno\u015b\u0107? Te Niebieskie tr\u00f3jk\u0105tne sztyfty to prawdziwy skarb w \u015bwiecie r\u0119kodzielniczej bi\u017cuterii!\" \/>\n<meta property=\"og:url\" content=\"https:\/\/staghorn.pl\/?product=niebieskie-trojkatne-sztyfty\" \/>\n<meta property=\"og:site_name\" content=\"Staghorn\" \/>\n<meta property=\"article:modified_time\" content=\"2025-11-25T17:32:54+00:00\" \/>\n<meta property=\"og:image\" content=\"https:\/\/staghorn.pl\/wp-content\/uploads\/2024\/09\/trojkatne-kolczyki-na-sztyfcie.jpg\" \/>\n\t<meta property=\"og:image:width\" content=\"600\" \/>\n\t<meta property=\"og:image:height\" content=\"800\" \/>\n\t<meta property=\"og:image:type\" content=\"image\/jpeg\" \/>\n<meta name=\"twitter:card\" content=\"summary_large_image\" \/>\n<meta name=\"twitter:label1\" content=\"Szacowany czas czytania\" \/>\n\t<meta name=\"twitter:data1\" content=\"3 minuty\" \/>\n<script type=\"application\/ld+json\" class=\"yoast-schema-graph\">{\"@context\":\"https:\\\/\\\/schema.org\",\"@graph\":[{\"@type\":\"WebPage\",\"@id\":\"https:\\\/\\\/staghorn.pl\\\/?product=niebieskie-trojkatne-sztyfty\",\"url\":\"https:\\\/\\\/staghorn.pl\\\/?product=niebieskie-trojkatne-sztyfty\",\"name\":\"Niebieskie Tr\u00f3jk\u0105tne Sztyfty - Staghorn\",\"isPartOf\":{\"@id\":\"https:\\\/\\\/staghorn.pl\\\/#website\"},\"primaryImageOfPage\":{\"@id\":\"https:\\\/\\\/staghorn.pl\\\/?product=niebieskie-trojkatne-sztyfty#primaryimage\"},\"image\":{\"@id\":\"https:\\\/\\\/staghorn.pl\\\/?product=niebieskie-trojkatne-sztyfty#primaryimage\"},\"thumbnailUrl\":\"https:\\\/\\\/staghorn.pl\\\/wp-content\\\/uploads\\\/2024\\\/09\\\/trojkatne-kolczyki-na-sztyfcie.jpg\",\"datePublished\":\"2024-09-30T06:08:10+00:00\",\"dateModified\":\"2025-11-25T17:32:54+00:00\",\"description\":\"Szukasz bi\u017cuterii, kt\u00f3ra \u0142\u0105czy w sobie subtelno\u015b\u0107 i oryginalno\u015b\u0107? Te Niebieskie tr\u00f3jk\u0105tne sztyfty to prawdziwy skarb w \u015bwiecie r\u0119kodzielniczej bi\u017cuterii!\",\"breadcrumb\":{\"@id\":\"https:\\\/\\\/staghorn.pl\\\/?product=niebieskie-trojkatne-sztyfty#breadcrumb\"},\"inLanguage\":\"pl-PL\",\"potentialAction\":[{\"@type\":\"ReadAction\",\"target\":[\"https:\\\/\\\/staghorn.pl\\\/?product=niebieskie-trojkatne-sztyfty\"]}]},{\"@type\":\"ImageObject\",\"inLanguage\":\"pl-PL\",\"@id\":\"https:\\\/\\\/staghorn.pl\\\/?product=niebieskie-trojkatne-sztyfty#primaryimage\",\"url\":\"https:\\\/\\\/staghorn.pl\\\/wp-content\\\/uploads\\\/2024\\\/09\\\/trojkatne-kolczyki-na-sztyfcie.jpg\",\"contentUrl\":\"https:\\\/\\\/staghorn.pl\\\/wp-content\\\/uploads\\\/2024\\\/09\\\/trojkatne-kolczyki-na-sztyfcie.jpg\",\"width\":600,\"height\":800,\"caption\":\"Niebieskie tr\u00f3jk\u0105tne sztyfty z koralikami Miyuki, eleganckie kolczyki na sztyftach dla kobiet \u2013 geometryczny design i nowoczesny styl. Idealne na ka\u017cd\u0105 okazj\u0119, w po\u0142\u0105czeniu ze z\u0142otymi akcentami.\"},{\"@type\":\"BreadcrumbList\",\"@id\":\"https:\\\/\\\/staghorn.pl\\\/?product=niebieskie-trojkatne-sztyfty#breadcrumb\",\"itemListElement\":[{\"@type\":\"ListItem\",\"position\":1,\"name\":\"Strona g\u0142\u00f3wna\",\"item\":\"https:\\\/\\\/staghorn.pl\\\/\"},{\"@type\":\"ListItem\",\"position\":2,\"name\":\"Sklep\",\"item\":\"https:\\\/\\\/staghorn.pl\\\/?page_id=395\"},{\"@type\":\"ListItem\",\"position\":3,\"name\":\"Niebieskie Tr\u00f3jk\u0105tne Sztyfty\"}]},{\"@type\":\"WebSite\",\"@id\":\"https:\\\/\\\/staghorn.pl\\\/#website\",\"url\":\"https:\\\/\\\/staghorn.pl\\\/\",\"name\":\"Staghorn\",\"description\":\"\",\"publisher\":{\"@id\":\"https:\\\/\\\/staghorn.pl\\\/#\\\/schema\\\/person\\\/985c0f377b3807be4ab7ca84c02a0459\"},\"potentialAction\":[{\"@type\":\"SearchAction\",\"target\":{\"@type\":\"EntryPoint\",\"urlTemplate\":\"https:\\\/\\\/staghorn.pl\\\/?s={search_term_string}\"},\"query-input\":{\"@type\":\"PropertyValueSpecification\",\"valueRequired\":true,\"valueName\":\"search_term_string\"}}],\"inLanguage\":\"pl-PL\"},{\"@type\":[\"Person\",\"Organization\"],\"@id\":\"https:\\\/\\\/staghorn.pl\\\/#\\\/schema\\\/person\\\/985c0f377b3807be4ab7ca84c02a0459\",\"name\":\"Kasia\",\"image\":{\"@type\":\"ImageObject\",\"inLanguage\":\"pl-PL\",\"@id\":\"https:\\\/\\\/staghorn.pl\\\/wp-content\\\/uploads\\\/2024\\\/05\\\/cropped-2.png\",\"url\":\"https:\\\/\\\/staghorn.pl\\\/wp-content\\\/uploads\\\/2024\\\/05\\\/cropped-2.png\",\"contentUrl\":\"https:\\\/\\\/staghorn.pl\\\/wp-content\\\/uploads\\\/2024\\\/05\\\/cropped-2.png\",\"width\":512,\"height\":512,\"caption\":\"Kasia\"},\"logo\":{\"@id\":\"https:\\\/\\\/staghorn.pl\\\/wp-content\\\/uploads\\\/2024\\\/05\\\/cropped-2.png\"},\"sameAs\":[\"http:\\\/\\\/staghorn.pl\"]}]}<\/script>\n<!-- \/ Yoast SEO plugin. -->","yoast_head_json":{"title":"Niebieskie Tr\u00f3jk\u0105tne Sztyfty - Staghorn","description":"Szukasz bi\u017cuterii, kt\u00f3ra \u0142\u0105czy w sobie subtelno\u015b\u0107 i oryginalno\u015b\u0107? Te Niebieskie tr\u00f3jk\u0105tne sztyfty to prawdziwy skarb w \u015bwiecie r\u0119kodzielniczej bi\u017cuterii!","robots":{"index":"index","follow":"follow","max-snippet":"max-snippet:-1","max-image-preview":"max-image-preview:large","max-video-preview":"max-video-preview:-1"},"canonical":"https:\/\/staghorn.pl\/?product=niebieskie-trojkatne-sztyfty","og_locale":"pl_PL","og_type":"article","og_title":"Niebieskie Tr\u00f3jk\u0105tne Sztyfty - Staghorn","og_description":"Szukasz bi\u017cuterii, kt\u00f3ra \u0142\u0105czy w sobie subtelno\u015b\u0107 i oryginalno\u015b\u0107? Te Niebieskie tr\u00f3jk\u0105tne sztyfty to prawdziwy skarb w \u015bwiecie r\u0119kodzielniczej bi\u017cuterii!","og_url":"https:\/\/staghorn.pl\/?product=niebieskie-trojkatne-sztyfty","og_site_name":"Staghorn","article_modified_time":"2025-11-25T17:32:54+00:00","og_image":[{"width":600,"height":800,"url":"https:\/\/staghorn.pl\/wp-content\/uploads\/2024\/09\/trojkatne-kolczyki-na-sztyfcie.jpg","type":"image\/jpeg"}],"twitter_card":"summary_large_image","twitter_misc":{"Szacowany czas czytania":"3 minuty"},"schema":{"@context":"https:\/\/schema.org","@graph":[{"@type":"WebPage","@id":"https:\/\/staghorn.pl\/?product=niebieskie-trojkatne-sztyfty","url":"https:\/\/staghorn.pl\/?product=niebieskie-trojkatne-sztyfty","name":"Niebieskie Tr\u00f3jk\u0105tne Sztyfty - Staghorn","isPartOf":{"@id":"https:\/\/staghorn.pl\/#website"},"primaryImageOfPage":{"@id":"https:\/\/staghorn.pl\/?product=niebieskie-trojkatne-sztyfty#primaryimage"},"image":{"@id":"https:\/\/staghorn.pl\/?product=niebieskie-trojkatne-sztyfty#primaryimage"},"thumbnailUrl":"https:\/\/staghorn.pl\/wp-content\/uploads\/2024\/09\/trojkatne-kolczyki-na-sztyfcie.jpg","datePublished":"2024-09-30T06:08:10+00:00","dateModified":"2025-11-25T17:32:54+00:00","description":"Szukasz bi\u017cuterii, kt\u00f3ra \u0142\u0105czy w sobie subtelno\u015b\u0107 i oryginalno\u015b\u0107? Te Niebieskie tr\u00f3jk\u0105tne sztyfty to prawdziwy skarb w \u015bwiecie r\u0119kodzielniczej bi\u017cuterii!","breadcrumb":{"@id":"https:\/\/staghorn.pl\/?product=niebieskie-trojkatne-sztyfty#breadcrumb"},"inLanguage":"pl-PL","potentialAction":[{"@type":"ReadAction","target":["https:\/\/staghorn.pl\/?product=niebieskie-trojkatne-sztyfty"]}]},{"@type":"ImageObject","inLanguage":"pl-PL","@id":"https:\/\/staghorn.pl\/?product=niebieskie-trojkatne-sztyfty#primaryimage","url":"https:\/\/staghorn.pl\/wp-content\/uploads\/2024\/09\/trojkatne-kolczyki-na-sztyfcie.jpg","contentUrl":"https:\/\/staghorn.pl\/wp-content\/uploads\/2024\/09\/trojkatne-kolczyki-na-sztyfcie.jpg","width":600,"height":800,"caption":"Niebieskie tr\u00f3jk\u0105tne sztyfty z koralikami Miyuki, eleganckie kolczyki na sztyftach dla kobiet \u2013 geometryczny design i nowoczesny styl. Idealne na ka\u017cd\u0105 okazj\u0119, w po\u0142\u0105czeniu ze z\u0142otymi akcentami."},{"@type":"BreadcrumbList","@id":"https:\/\/staghorn.pl\/?product=niebieskie-trojkatne-sztyfty#breadcrumb","itemListElement":[{"@type":"ListItem","position":1,"name":"Strona g\u0142\u00f3wna","item":"https:\/\/staghorn.pl\/"},{"@type":"ListItem","position":2,"name":"Sklep","item":"https:\/\/staghorn.pl\/?page_id=395"},{"@type":"ListItem","position":3,"name":"Niebieskie Tr\u00f3jk\u0105tne Sztyfty"}]},{"@type":"WebSite","@id":"https:\/\/staghorn.pl\/#website","url":"https:\/\/staghorn.pl\/","name":"Staghorn","description":"","publisher":{"@id":"https:\/\/staghorn.pl\/#\/schema\/person\/985c0f377b3807be4ab7ca84c02a0459"},"potentialAction":[{"@type":"SearchAction","target":{"@type":"EntryPoint","urlTemplate":"https:\/\/staghorn.pl\/?s={search_term_string}"},"query-input":{"@type":"PropertyValueSpecification","valueRequired":true,"valueName":"search_term_string"}}],"inLanguage":"pl-PL"},{"@type":["Person","Organization"],"@id":"https:\/\/staghorn.pl\/#\/schema\/person\/985c0f377b3807be4ab7ca84c02a0459","name":"Kasia","image":{"@type":"ImageObject","inLanguage":"pl-PL","@id":"https:\/\/staghorn.pl\/wp-content\/uploads\/2024\/05\/cropped-2.png","url":"https:\/\/staghorn.pl\/wp-content\/uploads\/2024\/05\/cropped-2.png","contentUrl":"https:\/\/staghorn.pl\/wp-content\/uploads\/2024\/05\/cropped-2.png","width":512,"height":512,"caption":"Kasia"},"logo":{"@id":"https:\/\/staghorn.pl\/wp-content\/uploads\/2024\/05\/cropped-2.png"},"sameAs":["http:\/\/staghorn.pl"]}]}},"jetpack_sharing_enabled":true,"_links":{"self":[{"href":"https:\/\/staghorn.pl\/index.php?rest_route=\/wp\/v2\/product\/1242","targetHints":{"allow":["GET"]}}],"collection":[{"href":"https:\/\/staghorn.pl\/index.php?rest_route=\/wp\/v2\/product"}],"about":[{"href":"https:\/\/staghorn.pl\/index.php?rest_route=\/wp\/v2\/types\/product"}],"replies":[{"embeddable":true,"href":"https:\/\/staghorn.pl\/index.php?rest_route=%2Fwp%2Fv2%2Fcomments&post=1242"}],"wp:featuredmedia":[{"embeddable":true,"href":"https:\/\/staghorn.pl\/index.php?rest_route=\/wp\/v2\/media\/1244"}],"wp:attachment":[{"href":"https:\/\/staghorn.pl\/index.php?rest_route=%2Fwp%2Fv2%2Fmedia&parent=1242"}],"wp:term":[{"taxonomy":"product_brand","embeddable":true,"href":"https:\/\/staghorn.pl\/index.php?rest_route=%2Fwp%2Fv2%2Fproduct_brand&post=1242"},{"taxonomy":"product_cat","embeddable":true,"href":"https:\/\/staghorn.pl\/index.php?rest_route=%2Fwp%2Fv2%2Fproduct_cat&post=1242"},{"taxonomy":"product_tag","embeddable":true,"href":"https:\/\/staghorn.pl\/index.php?rest_route=%2Fwp%2Fv2%2Fproduct_tag&post=1242"}],"curies":[{"name":"wp","href":"https:\/\/api.w.org\/{rel}","templated":true}]}}