{"id":1633,"date":"2025-04-18T10:47:07","date_gmt":"2025-04-18T08:47:07","guid":{"rendered":"https:\/\/staghorn.pl\/?post_type=product&#038;p=1633"},"modified":"2026-03-03T19:38:37","modified_gmt":"2026-03-03T18:38:37","slug":"zielone-kolczyki-chrysolite-seria-crystal-maxima","status":"publish","type":"product","link":"https:\/\/staghorn.pl\/?product=zielone-kolczyki-chrysolite-seria-crystal-maxima","title":{"rendered":"Zielone Kolczyki &#8222;Chrysolite&#8221; &#8211; seria Crystal Maxima"},"content":{"rendered":"<h1 style=\"text-align: center;\"><strong>\u00a0Zielone Kolczyki Chrysolite \u2013 Blask Natury, Kt\u00f3ry Nosisz <\/strong><strong>\ud83c\udf40<\/strong><\/h1>\n<div>\n<p class=\"\" data-start=\"446\" data-end=\"775\">Zielone kolczyki <strong data-start=\"463\" data-end=\"477\">Chrysolite<\/strong> to delikatna oda do natury \u2013 bi\u017cuteria, kt\u00f3ra koi zmys\u0142y jak spacer po le\u015bnej \u015bcie\u017cce. Centralny kamie\u0144 w kolorze chrysolite hipnotyzuje \u015bwiat\u0142em, jakby uchwycono w nim porann\u0105 ros\u0119 w\u015br\u00f3d li\u015bci. Otoczony migocz\u0105cymi kryszta\u0142kami, emanuje spokojem, kt\u00f3ry wprowadza harmoni\u0119 w Tw\u00f3j styl i nastr\u00f3j.<\/p>\n<p class=\"\" data-start=\"777\" data-end=\"850\">To kolczyki, kt\u00f3re nie musz\u0105 krzycze\u0107 \u2013 one szepcz\u0105, ale s\u0142yszy je ka\u017cdy.<\/p>\n<\/div>\n<hr \/>\n<h2 style=\"text-align: center;\">\u2728 <strong>R\u0119czne Rzemios\u0142o \u2013 Zielony Urok Tworzony z Pasj\u0105<\/strong><\/h2>\n<div>\n<p class=\"\" data-start=\"924\" data-end=\"1267\">Te kolczyki to co\u015b wi\u0119cej ni\u017c ozdoba \u2013 to opowie\u015b\u0107 zapleciona w koraliki, subtelno\u015b\u0107 zakl\u0119ta w blasku. Stworzone r\u0119cznie, z dba\u0142o\u015bci\u0105 o najmniejszy szczeg\u00f3\u0142, oddaj\u0105 ducha slow fashion i zami\u0142owanie do detalu. Chrysolite i labrador half przenikaj\u0105 si\u0119 niczym \u015bwiat\u0142o i cie\u0144 mi\u0119dzy li\u015b\u0107mi \u2013 tworz\u0105c hipnotyzuj\u0105c\u0105, eleganck\u0105 kompozycj\u0119.<\/p>\n<\/div>\n<hr \/>\n<h3 style=\"text-align: center;\">\ud83c\udf43 <strong>Uniwersalna Elegancja \u2013 Zielony Akcent Twojego Stylu<\/strong><\/h3>\n<p>Dodaj stylizacji zielonego pazura. Zielone kolczyki Chrysolite z \u0142atwo\u015bci\u0105 odnajd\u0105 si\u0119 w ka\u017cdej przestrzeni \u2013 od porannego spotkania po wieczorn\u0105 kolacj\u0119. Harmonijne, lekkie, a jednocze\u015bnie przyci\u0105gaj\u0105ce uwag\u0119 \u2013 sprawi\u0105, \u017ce nawet najprostsza kreacja nabierze wyj\u0105tkowego charakteru. Je\u015bli kochasz bi\u017cuteri\u0119, kt\u00f3ra m\u00f3wi wi\u0119cej ni\u017c s\u0142owa \u2013 w\u0142a\u015bnie j\u0105 znalaz\u0142a\u015b.<\/p>\n<hr \/>\n<h3 style=\"text-align: center;\">\ud83d\udc8e <strong>Detale, kt\u00f3re Tworz\u0105 Ca\u0142o\u015b\u0107<\/strong><\/h3>\n<div>\n<p class=\"\" data-start=\"1755\" data-end=\"2165\">W centrum ka\u017cdego kolczyka znajduje si\u0119 <strong data-start=\"1795\" data-end=\"1834\">kamie\u0144 Preciosa Rivoli Maxima 12 mm<\/strong> w odcieniu chrysolite. Otulony jest b\u0142yszcz\u0105cymi kryszta\u0142kami <strong data-start=\"1897\" data-end=\"1925\">Preciosa Bicone 3 i 4 mm<\/strong> w odcieniach labrador half oraz chrysolite, a ca\u0142o\u015b\u0107 dope\u0142niaj\u0105 <strong data-start=\"1990\" data-end=\"2016\">koraliki Miyuki Delica<\/strong>.<br data-start=\"2017\" data-end=\"2020\" \/><strong data-start=\"2020\" data-end=\"2062\">Bigle wykonane s\u0105 ze stali nierdzewnej<\/strong>, a <strong data-start=\"2066\" data-end=\"2109\">ca\u0142kowita d\u0142ugo\u015b\u0107 kolczyk\u00f3w to ok. 4 cm<\/strong> \u2013 idealna, by subtelnie podkre\u015bli\u0107 lini\u0119 szyi i ramion.<\/p>\n<hr \/>\n<\/div>\n<h3 style=\"text-align: center;\" data-start=\"1755\" data-end=\"2165\">\ud83c\udf81 <strong>Idealny Prezent \u2013 Podaruj Jej Zielon\u0105 Harmoni\u0119<\/strong><\/h3>\n<p>Szukasz prezentu, kt\u00f3ry zachwyci? Zielone kolczyki Chrysolite to dar prosto z natury! Zapakowane w eleganckie pude\u0142ko, czekaj\u0105, by sta\u0107 si\u0119 cz\u0119\u015bci\u0105 jej najpi\u0119kniejszych chwil \u2013 urodzin, rocznicy czy spontanicznego gestu. Zielony blask przyniesie jej spok\u00f3j \u2013 podaruj jej ten skarb i zobacz jej rado\u015b\u0107! \u2728<\/p>\n<hr \/>\n<p>\ud83d\udce9 Je\u015bli masz jakiekolwiek pytania, mo\u017cesz skontaktowa\u0107 si\u0119 ze mn\u0105 za po\u015brednictwem <a href=\"https:\/\/staghorn.pl\/?page_id=126\">formularza kontaktowego<\/a><\/p>\n<p>\ud83d\udcbb\u00a0 Pami\u0119taj, \u017ce ze wzgl\u0119du na efekty o\u015bwietleniowe, jasno\u015b\u0107 monitora, kontrast oraz inne ustawienia, mog\u0105 wyst\u0105pi\u0107 niewielkie r\u00f3\u017cnice w odcieniu koloru zdj\u0119cia na stronie internetowej a rzeczywistym produktem.<\/p>\n<p>&nbsp;<\/p>\n","protected":false},"excerpt":{"rendered":"<p style=\"text-align: left;\"><strong>\u2726 Szczeg\u00f3\u0142y produktu:<br \/>\n<\/strong>\u2714<strong> Materia\u0142y:<\/strong> Koraliki Miyuki Delica, kryszta\u0142ki Preciosa Bicone, Kamienie Preciosa Rivoli, Stal nierdzewna<br \/>\n\u2714 <strong>Kolor:<\/strong> Zielony, Srebrny<br \/>\n\u2714 <strong>Typ: <\/strong>wisz\u0105ce, na biglach ze stali nierdzewnej<br \/>\n\u2714 <strong>D\u0142ugo\u015b\u0107 kolczyk\u00f3w:<\/strong> 4 cm<\/p>\n<p>\ud83d\udecd\ufe0f Buy on <a href=\"https:\/\/staghornpl.etsy.com\/listing\/4295587364\"><strong>ESTY<\/strong><\/a><\/p>\n","protected":false},"featured_media":1620,"comment_status":"open","ping_status":"closed","template":"","meta":{"_kad_post_transparent":"default","_kad_post_title":"","_kad_post_layout":"default","_kad_post_sidebar_id":"","_kad_post_content_style":"default","_kad_post_vertical_padding":"default","_kad_post_feature":"","_kad_post_feature_position":"","_kad_post_header":false,"_kad_post_footer":false,"_kad_post_classname":""},"product_brand":[],"product_cat":[154,148,137,21,110],"product_tag":[54,45,42,72,71,36,58,75,44,57,39,46,81,68,37,76,62,70,60],"class_list":{"0":"post-1633","1":"product","2":"type-product","3":"status-publish","4":"has-post-thumbnail","6":"product_cat-bizuteria-z-krysztalkow","7":"product_cat-crystal-maxima-kolczyki","8":"product_cat-dlugie-kolczyki","9":"product_cat-kolczyki","10":"product_cat-seria-crystal-maxima","11":"product_tag-akcesoria-dla-kobiet","12":"product_tag-bizuteria-dla-kobiet","13":"product_tag-bizuteria-na-co-dzien","14":"product_tag-bizuteria-na-wieczorne-wyjscia","15":"product_tag-bransoletka-do-pracy","16":"product_tag-delikatna-bizuteria","17":"product_tag-elegancka-bizuteria","18":"product_tag-geometryczna-bizuteria","19":"product_tag-kolczyki","20":"product_tag-kolczyki-na-sztyfcie","21":"product_tag-moda-damska","22":"product_tag-modne-dodatki","23":"product_tag-niebieski","24":"product_tag-prezent-dla-dziewczynki","25":"product_tag-prezent-dla-niej","26":"product_tag-trojktne-sztyfty","27":"product_tag-wiosenne-stylizacje","28":"product_tag-zlota-bizuteria","29":"product_tag-zlote-kolczyki","30":"product_shipping_class-male-gabaryty","32":"first","33":"instock","34":"shipping-taxable","35":"purchasable","36":"product-type-simple","37":"entry","38":"content-bg","39":"loop-entry"},"yoast_head":"<!-- This site is optimized with the Yoast SEO plugin v27.4 - https:\/\/yoast.com\/product\/yoast-seo-wordpress\/ -->\n<title>Zielone Kolczyki &quot;Chrysolite&quot; - seria Crystal Maxima - Staghorn<\/title>\n<meta name=\"description\" content=\"Zielone kolczyki Chrysolite to delikatna oda do natury \u2013 bi\u017cuteria, kt\u00f3ra koi zmys\u0142y jak spacer po le\u015bnej \u015bcie\u017cce; wprowadza harmoni\u0119 w Tw\u00f3j styl i nastr\u00f3j.\" \/>\n<meta name=\"robots\" content=\"index, follow, max-snippet:-1, max-image-preview:large, max-video-preview:-1\" \/>\n<link rel=\"canonical\" href=\"https:\/\/staghorn.pl\/?product=zielone-kolczyki-chrysolite-seria-crystal-maxima\" \/>\n<meta property=\"og:locale\" content=\"pl_PL\" \/>\n<meta property=\"og:type\" content=\"article\" \/>\n<meta property=\"og:title\" content=\"Zielone Kolczyki &quot;Chrysolite&quot; - seria Crystal Maxima - Staghorn\" \/>\n<meta property=\"og:description\" content=\"Zielone kolczyki Chrysolite to delikatna oda do natury \u2013 bi\u017cuteria, kt\u00f3ra koi zmys\u0142y jak spacer po le\u015bnej \u015bcie\u017cce; wprowadza harmoni\u0119 w Tw\u00f3j styl i nastr\u00f3j.\" \/>\n<meta property=\"og:url\" content=\"https:\/\/staghorn.pl\/?product=zielone-kolczyki-chrysolite-seria-crystal-maxima\" \/>\n<meta property=\"og:site_name\" content=\"Staghorn\" \/>\n<meta property=\"article:modified_time\" content=\"2026-03-03T18:38:37+00:00\" \/>\n<meta property=\"og:image\" content=\"https:\/\/staghorn.pl\/wp-content\/uploads\/2025\/04\/3-3.jpg\" \/>\n\t<meta property=\"og:image:width\" content=\"640\" \/>\n\t<meta property=\"og:image:height\" content=\"800\" \/>\n\t<meta property=\"og:image:type\" content=\"image\/jpeg\" \/>\n<meta name=\"twitter:card\" content=\"summary_large_image\" \/>\n<meta name=\"twitter:label1\" content=\"Szacowany czas czytania\" \/>\n\t<meta name=\"twitter:data1\" content=\"3 minuty\" \/>\n<script type=\"application\/ld+json\" class=\"yoast-schema-graph\">{\"@context\":\"https:\\\/\\\/schema.org\",\"@graph\":[{\"@type\":\"WebPage\",\"@id\":\"https:\\\/\\\/staghorn.pl\\\/?product=zielone-kolczyki-chrysolite-seria-crystal-maxima\",\"url\":\"https:\\\/\\\/staghorn.pl\\\/?product=zielone-kolczyki-chrysolite-seria-crystal-maxima\",\"name\":\"Zielone Kolczyki \\\"Chrysolite\\\" - seria Crystal Maxima - Staghorn\",\"isPartOf\":{\"@id\":\"https:\\\/\\\/staghorn.pl\\\/#website\"},\"primaryImageOfPage\":{\"@id\":\"https:\\\/\\\/staghorn.pl\\\/?product=zielone-kolczyki-chrysolite-seria-crystal-maxima#primaryimage\"},\"image\":{\"@id\":\"https:\\\/\\\/staghorn.pl\\\/?product=zielone-kolczyki-chrysolite-seria-crystal-maxima#primaryimage\"},\"thumbnailUrl\":\"https:\\\/\\\/staghorn.pl\\\/wp-content\\\/uploads\\\/2025\\\/04\\\/3-3.jpg\",\"datePublished\":\"2025-04-18T08:47:07+00:00\",\"dateModified\":\"2026-03-03T18:38:37+00:00\",\"description\":\"Zielone kolczyki Chrysolite to delikatna oda do natury \u2013 bi\u017cuteria, kt\u00f3ra koi zmys\u0142y jak spacer po le\u015bnej \u015bcie\u017cce; wprowadza harmoni\u0119 w Tw\u00f3j styl i nastr\u00f3j.\",\"breadcrumb\":{\"@id\":\"https:\\\/\\\/staghorn.pl\\\/?product=zielone-kolczyki-chrysolite-seria-crystal-maxima#breadcrumb\"},\"inLanguage\":\"pl-PL\",\"potentialAction\":[{\"@type\":\"ReadAction\",\"target\":[\"https:\\\/\\\/staghorn.pl\\\/?product=zielone-kolczyki-chrysolite-seria-crystal-maxima\"]}]},{\"@type\":\"ImageObject\",\"inLanguage\":\"pl-PL\",\"@id\":\"https:\\\/\\\/staghorn.pl\\\/?product=zielone-kolczyki-chrysolite-seria-crystal-maxima#primaryimage\",\"url\":\"https:\\\/\\\/staghorn.pl\\\/wp-content\\\/uploads\\\/2025\\\/04\\\/3-3.jpg\",\"contentUrl\":\"https:\\\/\\\/staghorn.pl\\\/wp-content\\\/uploads\\\/2025\\\/04\\\/3-3.jpg\",\"width\":640,\"height\":800,\"caption\":\"Zielony naszyjnik z eleganckim kamieniem o subtelnym blasku, otoczonym l\u015bni\u0105c\u0105 kompozycj\u0105. Dodatek na specjalne okazje i codzienne stylizacje, perfekcyjny jako bi\u017cuteria dla kobiet kochaj\u0105cych lekko\u015b\u0107 i \u015bwie\u017co\u015b\u0107 stylu.\"},{\"@type\":\"BreadcrumbList\",\"@id\":\"https:\\\/\\\/staghorn.pl\\\/?product=zielone-kolczyki-chrysolite-seria-crystal-maxima#breadcrumb\",\"itemListElement\":[{\"@type\":\"ListItem\",\"position\":1,\"name\":\"Strona g\u0142\u00f3wna\",\"item\":\"https:\\\/\\\/staghorn.pl\\\/\"},{\"@type\":\"ListItem\",\"position\":2,\"name\":\"Sklep\",\"item\":\"https:\\\/\\\/staghorn.pl\\\/?page_id=395\"},{\"@type\":\"ListItem\",\"position\":3,\"name\":\"Zielone Kolczyki &#8222;Chrysolite&#8221; &#8211; seria Crystal Maxima\"}]},{\"@type\":\"WebSite\",\"@id\":\"https:\\\/\\\/staghorn.pl\\\/#website\",\"url\":\"https:\\\/\\\/staghorn.pl\\\/\",\"name\":\"Staghorn\",\"description\":\"\",\"publisher\":{\"@id\":\"https:\\\/\\\/staghorn.pl\\\/#\\\/schema\\\/person\\\/985c0f377b3807be4ab7ca84c02a0459\"},\"potentialAction\":[{\"@type\":\"SearchAction\",\"target\":{\"@type\":\"EntryPoint\",\"urlTemplate\":\"https:\\\/\\\/staghorn.pl\\\/?s={search_term_string}\"},\"query-input\":{\"@type\":\"PropertyValueSpecification\",\"valueRequired\":true,\"valueName\":\"search_term_string\"}}],\"inLanguage\":\"pl-PL\"},{\"@type\":[\"Person\",\"Organization\"],\"@id\":\"https:\\\/\\\/staghorn.pl\\\/#\\\/schema\\\/person\\\/985c0f377b3807be4ab7ca84c02a0459\",\"name\":\"Kasia\",\"image\":{\"@type\":\"ImageObject\",\"inLanguage\":\"pl-PL\",\"@id\":\"https:\\\/\\\/staghorn.pl\\\/wp-content\\\/uploads\\\/2024\\\/05\\\/cropped-2.png\",\"url\":\"https:\\\/\\\/staghorn.pl\\\/wp-content\\\/uploads\\\/2024\\\/05\\\/cropped-2.png\",\"contentUrl\":\"https:\\\/\\\/staghorn.pl\\\/wp-content\\\/uploads\\\/2024\\\/05\\\/cropped-2.png\",\"width\":512,\"height\":512,\"caption\":\"Kasia\"},\"logo\":{\"@id\":\"https:\\\/\\\/staghorn.pl\\\/wp-content\\\/uploads\\\/2024\\\/05\\\/cropped-2.png\"},\"sameAs\":[\"http:\\\/\\\/staghorn.pl\"]}]}<\/script>\n<!-- \/ Yoast SEO plugin. -->","yoast_head_json":{"title":"Zielone Kolczyki \"Chrysolite\" - seria Crystal Maxima - Staghorn","description":"Zielone kolczyki Chrysolite to delikatna oda do natury \u2013 bi\u017cuteria, kt\u00f3ra koi zmys\u0142y jak spacer po le\u015bnej \u015bcie\u017cce; wprowadza harmoni\u0119 w Tw\u00f3j styl i nastr\u00f3j.","robots":{"index":"index","follow":"follow","max-snippet":"max-snippet:-1","max-image-preview":"max-image-preview:large","max-video-preview":"max-video-preview:-1"},"canonical":"https:\/\/staghorn.pl\/?product=zielone-kolczyki-chrysolite-seria-crystal-maxima","og_locale":"pl_PL","og_type":"article","og_title":"Zielone Kolczyki \"Chrysolite\" - seria Crystal Maxima - Staghorn","og_description":"Zielone kolczyki Chrysolite to delikatna oda do natury \u2013 bi\u017cuteria, kt\u00f3ra koi zmys\u0142y jak spacer po le\u015bnej \u015bcie\u017cce; wprowadza harmoni\u0119 w Tw\u00f3j styl i nastr\u00f3j.","og_url":"https:\/\/staghorn.pl\/?product=zielone-kolczyki-chrysolite-seria-crystal-maxima","og_site_name":"Staghorn","article_modified_time":"2026-03-03T18:38:37+00:00","og_image":[{"width":640,"height":800,"url":"https:\/\/staghorn.pl\/wp-content\/uploads\/2025\/04\/3-3.jpg","type":"image\/jpeg"}],"twitter_card":"summary_large_image","twitter_misc":{"Szacowany czas czytania":"3 minuty"},"schema":{"@context":"https:\/\/schema.org","@graph":[{"@type":"WebPage","@id":"https:\/\/staghorn.pl\/?product=zielone-kolczyki-chrysolite-seria-crystal-maxima","url":"https:\/\/staghorn.pl\/?product=zielone-kolczyki-chrysolite-seria-crystal-maxima","name":"Zielone Kolczyki \"Chrysolite\" - seria Crystal Maxima - Staghorn","isPartOf":{"@id":"https:\/\/staghorn.pl\/#website"},"primaryImageOfPage":{"@id":"https:\/\/staghorn.pl\/?product=zielone-kolczyki-chrysolite-seria-crystal-maxima#primaryimage"},"image":{"@id":"https:\/\/staghorn.pl\/?product=zielone-kolczyki-chrysolite-seria-crystal-maxima#primaryimage"},"thumbnailUrl":"https:\/\/staghorn.pl\/wp-content\/uploads\/2025\/04\/3-3.jpg","datePublished":"2025-04-18T08:47:07+00:00","dateModified":"2026-03-03T18:38:37+00:00","description":"Zielone kolczyki Chrysolite to delikatna oda do natury \u2013 bi\u017cuteria, kt\u00f3ra koi zmys\u0142y jak spacer po le\u015bnej \u015bcie\u017cce; wprowadza harmoni\u0119 w Tw\u00f3j styl i nastr\u00f3j.","breadcrumb":{"@id":"https:\/\/staghorn.pl\/?product=zielone-kolczyki-chrysolite-seria-crystal-maxima#breadcrumb"},"inLanguage":"pl-PL","potentialAction":[{"@type":"ReadAction","target":["https:\/\/staghorn.pl\/?product=zielone-kolczyki-chrysolite-seria-crystal-maxima"]}]},{"@type":"ImageObject","inLanguage":"pl-PL","@id":"https:\/\/staghorn.pl\/?product=zielone-kolczyki-chrysolite-seria-crystal-maxima#primaryimage","url":"https:\/\/staghorn.pl\/wp-content\/uploads\/2025\/04\/3-3.jpg","contentUrl":"https:\/\/staghorn.pl\/wp-content\/uploads\/2025\/04\/3-3.jpg","width":640,"height":800,"caption":"Zielony naszyjnik z eleganckim kamieniem o subtelnym blasku, otoczonym l\u015bni\u0105c\u0105 kompozycj\u0105. Dodatek na specjalne okazje i codzienne stylizacje, perfekcyjny jako bi\u017cuteria dla kobiet kochaj\u0105cych lekko\u015b\u0107 i \u015bwie\u017co\u015b\u0107 stylu."},{"@type":"BreadcrumbList","@id":"https:\/\/staghorn.pl\/?product=zielone-kolczyki-chrysolite-seria-crystal-maxima#breadcrumb","itemListElement":[{"@type":"ListItem","position":1,"name":"Strona g\u0142\u00f3wna","item":"https:\/\/staghorn.pl\/"},{"@type":"ListItem","position":2,"name":"Sklep","item":"https:\/\/staghorn.pl\/?page_id=395"},{"@type":"ListItem","position":3,"name":"Zielone Kolczyki &#8222;Chrysolite&#8221; &#8211; seria Crystal Maxima"}]},{"@type":"WebSite","@id":"https:\/\/staghorn.pl\/#website","url":"https:\/\/staghorn.pl\/","name":"Staghorn","description":"","publisher":{"@id":"https:\/\/staghorn.pl\/#\/schema\/person\/985c0f377b3807be4ab7ca84c02a0459"},"potentialAction":[{"@type":"SearchAction","target":{"@type":"EntryPoint","urlTemplate":"https:\/\/staghorn.pl\/?s={search_term_string}"},"query-input":{"@type":"PropertyValueSpecification","valueRequired":true,"valueName":"search_term_string"}}],"inLanguage":"pl-PL"},{"@type":["Person","Organization"],"@id":"https:\/\/staghorn.pl\/#\/schema\/person\/985c0f377b3807be4ab7ca84c02a0459","name":"Kasia","image":{"@type":"ImageObject","inLanguage":"pl-PL","@id":"https:\/\/staghorn.pl\/wp-content\/uploads\/2024\/05\/cropped-2.png","url":"https:\/\/staghorn.pl\/wp-content\/uploads\/2024\/05\/cropped-2.png","contentUrl":"https:\/\/staghorn.pl\/wp-content\/uploads\/2024\/05\/cropped-2.png","width":512,"height":512,"caption":"Kasia"},"logo":{"@id":"https:\/\/staghorn.pl\/wp-content\/uploads\/2024\/05\/cropped-2.png"},"sameAs":["http:\/\/staghorn.pl"]}]}},"jetpack_sharing_enabled":true,"_links":{"self":[{"href":"https:\/\/staghorn.pl\/index.php?rest_route=\/wp\/v2\/product\/1633","targetHints":{"allow":["GET"]}}],"collection":[{"href":"https:\/\/staghorn.pl\/index.php?rest_route=\/wp\/v2\/product"}],"about":[{"href":"https:\/\/staghorn.pl\/index.php?rest_route=\/wp\/v2\/types\/product"}],"replies":[{"embeddable":true,"href":"https:\/\/staghorn.pl\/index.php?rest_route=%2Fwp%2Fv2%2Fcomments&post=1633"}],"wp:featuredmedia":[{"embeddable":true,"href":"https:\/\/staghorn.pl\/index.php?rest_route=\/wp\/v2\/media\/1620"}],"wp:attachment":[{"href":"https:\/\/staghorn.pl\/index.php?rest_route=%2Fwp%2Fv2%2Fmedia&parent=1633"}],"wp:term":[{"taxonomy":"product_brand","embeddable":true,"href":"https:\/\/staghorn.pl\/index.php?rest_route=%2Fwp%2Fv2%2Fproduct_brand&post=1633"},{"taxonomy":"product_cat","embeddable":true,"href":"https:\/\/staghorn.pl\/index.php?rest_route=%2Fwp%2Fv2%2Fproduct_cat&post=1633"},{"taxonomy":"product_tag","embeddable":true,"href":"https:\/\/staghorn.pl\/index.php?rest_route=%2Fwp%2Fv2%2Fproduct_tag&post=1633"}],"curies":[{"name":"wp","href":"https:\/\/api.w.org\/{rel}","templated":true}]}}