{"id":1779,"date":"2025-07-15T19:32:05","date_gmt":"2025-07-15T17:32:05","guid":{"rendered":"https:\/\/staghorn.pl\/?post_type=product&#038;p=1779"},"modified":"2025-11-25T18:09:51","modified_gmt":"2025-11-25T17:09:51","slug":"kolczyki-midnight-star","status":"publish","type":"product","link":"https:\/\/staghorn.pl\/?product=kolczyki-midnight-star","title":{"rendered":"Kolczyki &#8222;Midnight Star&#8221; \u2013 granatowo-srebrne gwiazdki z koralik\u00f3w"},"content":{"rendered":"<h1 style=\"text-align: center;\"><strong>\ud83d\udc99 Kolczyki Midnight Star \u2013 G\u0142\u0119boki Granat, R\u0119kodzie\u0142o i Magia Gwiazd<\/strong><\/h1>\n<p>Niebo po zmroku. Cisza, kt\u00f3ra nie jest pusta, tylko pe\u0142na. G\u0142\u0119bia, kt\u00f3ra przyci\u0105ga spojrzenia. Je\u015bli bi\u017cuteria mog\u0142aby opowiedzie\u0107 o nocnym niebie, to zrobi\u0142yby to w\u0142a\u015bnie te kolczyki \u2013 <strong data-start=\"574\" data-end=\"591\">Midnight Star<\/strong>. R\u0119cznie wykonane z koralik\u00f3w w odcieniach granatu, opalizuj\u0105cych b\u0142\u0119kit\u00f3w i srebra, w kszta\u0142cie gwiazd, kt\u00f3re \u2013 cho\u0107 ma\u0142e \u2013 maj\u0105 swoj\u0105 grawitacj\u0119.<\/p>\n<hr \/>\n<h2 style=\"text-align: center;\"><strong>\ud83c\udf87\u00a0 Rzemios\u0142o, kt\u00f3re Mieni si\u0119 Jak Nocne Niebo<\/strong><\/h2>\n<p>Kolczyki maj\u0105 form\u0119 sze\u015bciopromiennych gwiazdek, wykonanych r\u0119cznie z koralik\u00f3w <strong data-start=\"868\" data-end=\"884\">Gemduo i Toho<\/strong>, kt\u00f3re pi\u0119knie \u0142api\u0105 \u015bwiat\u0142o. Ca\u0142o\u015b\u0107 uzupe\u0142niaj\u0105 <strong data-start=\"961\" data-end=\"993\">sztyfty ze stali nierdzewnej<\/strong> w kolorze srebra \u2013 eleganckie, trwa\u0142e i hipoalergiczne.<br data-start=\"1049\" data-end=\"1052\" \/>Wymiary kolczyk\u00f3w: <strong data-start=\"1071\" data-end=\"1107\">5,5 cm d\u0142ugo\u015bci, 4 cm szeroko\u015bci<\/strong> \u2013 s\u0105 widoczne, ale nie przyt\u0142aczaj\u0105. Idealne, by b\u0142yszcze\u0107 \u2013 dos\u0142ownie i w przeno\u015bni.<\/p>\n<hr \/>\n<h2 style=\"text-align: center;\"><strong>\ud83d\udcab Symbolika, kt\u00f3ra Wzmacnia<\/strong><\/h2>\n<p>Granat to kolor g\u0142\u0119bi, spokoju i wewn\u0119trznej mocy. Srebro \u2013 to klarowno\u015b\u0107, intuicja, szlachetno\u015b\u0107. Wz\u00f3r gwiazdy m\u00f3wi jedno: \u201e\u015bwie\u0107 po swojemu\u201d. Te kolczyki b\u0119d\u0105 idealne dla kobiet, kt\u00f3re czuj\u0105 si\u0119 dobrze w swojej przestrzeni \u2013 nawet je\u015bli czasem chodz\u0105 z g\u0142ow\u0105 w chmurach (albo w gwiazdach).<\/p>\n<hr \/>\n<h3 style=\"text-align: center;\"><strong>\ud83c\udf81 Dla Siebie lub dla Twojej Gwiazdy<\/strong><\/h3>\n<p>Kolczyki Midnight Star zapakowane s\u0105 z trosk\u0105 \u2013 gotowe, by wr\u0119czy\u0107 je bliskiej osobie lub\u2026 zatrzyma\u0107 dla siebie. To drobiazg, kt\u00f3ry m\u00f3wi wi\u0119cej ni\u017c s\u0142owa: \u201eWiesz, \u017ce jeste\u015b wyj\u0105tkowa? Bo ja wiem.\u201d<\/p>\n<hr \/>\n<h3 style=\"text-align: center;\"><strong>\ud83c\udf0c Odkryj Wi\u0119cej \u2013 Bi\u017cuteria z Charakterem<\/strong><\/h3>\n<p>Midnight Star to pocz\u0105tek (lub kontynuacja) Twojej galaktycznej kolekcji. Po\u0142\u0105cz je z minimalistycznym naszyjnikiem, stylow\u0105 bransoletk\u0105 albo no\u015b solo \u2013 bo te kolczyki nie potrzebuj\u0105 towarzystwa, by zrobi\u0107 wra\u017cenie. Ale je\u015bli chcesz wi\u0119cej \u2013 daj zna\u0107. Mamy jeszcze niejedn\u0105 gwiazd\u0119 w zanadrzu.<\/p>\n<hr \/>\n<p>\ud83d\udecd\ufe0f Buy on <a href=\"https:\/\/staghornpl.etsy.com\/listing\/4334259235\"><strong>ETSY<\/strong><\/a><\/p>\n<p>\ud83d\udce9 Je\u015bli masz jakiekolwiek pytania, mo\u017cesz skontaktowa\u0107 si\u0119 ze mn\u0105 za po\u015brednictwem <a href=\"https:\/\/staghorn.pl\/?page_id=126\"><strong>formularza kontaktowego<\/strong><\/a>.<\/p>\n<p>\ud83d\udcbb Pami\u0119taj, \u017ce ze wzgl\u0119du na efekty o\u015bwietleniowe, jasno\u015b\u0107 monitora, kontrast oraz inne ustawienia, mog\u0105 wyst\u0105pi\u0107 drobne r\u00f3\u017cnice w odcieniu koloru zdj\u0119cia na stronie internetowej a rzeczywistym produktem.<\/p>\n","protected":false},"excerpt":{"rendered":"<p>\u2728 Kolczyki Midnight Star to r\u0119cznie wykonane sztyfty w kszta\u0142cie gwiazd, w odcieniach granatu i srebra.<br data-start=\"277\" data-end=\"280\" \/>\u2714 Koraliki Toho i Gemduo, stal nierdzewna<br data-start=\"338\" data-end=\"341\" data-is-only-node=\"\" \/>\u2714 Lekka, efektowna forma \u2013 5,5 cm d\u0142ugo\u015bci<br data-start=\"383\" data-end=\"386\" \/>\ud83d\udc99 Dla kobiet, kt\u00f3re lubi\u0105 b\u0142yszcze\u0107 po swojemu \u2013 z klas\u0105, g\u0142\u0119bi\u0105 i odrobin\u0105 magii<\/p>\n<p>\ud83d\udecd\ufe0f Buy on <a href=\"https:\/\/staghornpl.etsy.com\/listing\/4334259235\"><strong>ETSY<\/strong><\/a><\/p>\n","protected":false},"featured_media":1783,"comment_status":"open","ping_status":"closed","template":"","meta":{"_kad_post_transparent":"default","_kad_post_title":"","_kad_post_layout":"default","_kad_post_sidebar_id":"","_kad_post_content_style":"default","_kad_post_vertical_padding":"default","_kad_post_feature":"","_kad_post_feature_position":"","_kad_post_header":false,"_kad_post_footer":false,"_kad_post_classname":""},"product_brand":[],"product_cat":[153,137,21],"product_tag":[54,26,45,42,36,58,144,143,44,141,57,39,46,142,37,48],"class_list":{"0":"post-1779","1":"product","2":"type-product","3":"status-publish","4":"has-post-thumbnail","6":"product_cat-bizuteria-z-koralikow","7":"product_cat-dlugie-kolczyki","8":"product_cat-kolczyki","9":"product_tag-akcesoria-dla-kobiet","10":"product_tag-bizuteria","11":"product_tag-bizuteria-dla-kobiet","12":"product_tag-bizuteria-na-co-dzien","13":"product_tag-delikatna-bizuteria","14":"product_tag-elegancka-bizuteria","15":"product_tag-granat-i-srebro","16":"product_tag-granatowa-bizuteria","17":"product_tag-kolczyki","18":"product_tag-kolczyki-gwiazdki","19":"product_tag-kolczyki-na-sztyfcie","20":"product_tag-moda-damska","21":"product_tag-modne-dodatki","22":"product_tag-motyw-gwiazd-i-nieba","23":"product_tag-prezent-dla-niej","24":"product_tag-wiszace-kolczyki","25":"product_shipping_class-male-gabaryty","27":"first","28":"instock","29":"shipping-taxable","30":"purchasable","31":"product-type-simple","32":"entry","33":"content-bg","34":"loop-entry"},"yoast_head":"<!-- This site is optimized with the Yoast SEO plugin v27.4 - https:\/\/yoast.com\/product\/yoast-seo-wordpress\/ -->\n<title>Kolczyki &quot;Midnight Star&quot; \u2013 granatowo-srebrne gwiazdki z koralik\u00f3w - Staghorn<\/title>\n<meta name=\"description\" content=\"Kolczyki Midnight Star \u2013 granatowo-srebrne gwiazdki z koralik\u00f3w. R\u0119cznie robione, lekkie i efektowne. Idealne na prezent lub wieczorne wyj\u015bcie.\" \/>\n<meta name=\"robots\" content=\"index, follow, max-snippet:-1, max-image-preview:large, max-video-preview:-1\" \/>\n<link rel=\"canonical\" href=\"https:\/\/staghorn.pl\/?product=kolczyki-midnight-star\" \/>\n<meta property=\"og:locale\" content=\"pl_PL\" \/>\n<meta property=\"og:type\" content=\"article\" \/>\n<meta property=\"og:title\" content=\"Kolczyki &quot;Midnight Star&quot; \u2013 granatowo-srebrne gwiazdki z koralik\u00f3w - Staghorn\" \/>\n<meta property=\"og:description\" content=\"Kolczyki Midnight Star \u2013 granatowo-srebrne gwiazdki z koralik\u00f3w. R\u0119cznie robione, lekkie i efektowne. Idealne na prezent lub wieczorne wyj\u015bcie.\" \/>\n<meta property=\"og:url\" content=\"https:\/\/staghorn.pl\/?product=kolczyki-midnight-star\" \/>\n<meta property=\"og:site_name\" content=\"Staghorn\" \/>\n<meta property=\"article:modified_time\" content=\"2025-11-25T17:09:51+00:00\" \/>\n<meta property=\"og:image\" content=\"https:\/\/staghorn.pl\/wp-content\/uploads\/2025\/07\/6-3.jpg\" \/>\n\t<meta property=\"og:image:width\" content=\"640\" \/>\n\t<meta property=\"og:image:height\" content=\"800\" \/>\n\t<meta property=\"og:image:type\" content=\"image\/jpeg\" \/>\n<meta name=\"twitter:card\" content=\"summary_large_image\" \/>\n<meta name=\"twitter:label1\" content=\"Szacowany czas czytania\" \/>\n\t<meta name=\"twitter:data1\" content=\"2 minuty\" \/>\n<script type=\"application\/ld+json\" class=\"yoast-schema-graph\">{\"@context\":\"https:\\\/\\\/schema.org\",\"@graph\":[{\"@type\":\"WebPage\",\"@id\":\"https:\\\/\\\/staghorn.pl\\\/?product=kolczyki-midnight-star\",\"url\":\"https:\\\/\\\/staghorn.pl\\\/?product=kolczyki-midnight-star\",\"name\":\"Kolczyki \\\"Midnight Star\\\" \u2013 granatowo-srebrne gwiazdki z koralik\u00f3w - Staghorn\",\"isPartOf\":{\"@id\":\"https:\\\/\\\/staghorn.pl\\\/#website\"},\"primaryImageOfPage\":{\"@id\":\"https:\\\/\\\/staghorn.pl\\\/?product=kolczyki-midnight-star#primaryimage\"},\"image\":{\"@id\":\"https:\\\/\\\/staghorn.pl\\\/?product=kolczyki-midnight-star#primaryimage\"},\"thumbnailUrl\":\"https:\\\/\\\/staghorn.pl\\\/wp-content\\\/uploads\\\/2025\\\/07\\\/6-3.jpg\",\"datePublished\":\"2025-07-15T17:32:05+00:00\",\"dateModified\":\"2025-11-25T17:09:51+00:00\",\"description\":\"Kolczyki Midnight Star \u2013 granatowo-srebrne gwiazdki z koralik\u00f3w. R\u0119cznie robione, lekkie i efektowne. Idealne na prezent lub wieczorne wyj\u015bcie.\",\"breadcrumb\":{\"@id\":\"https:\\\/\\\/staghorn.pl\\\/?product=kolczyki-midnight-star#breadcrumb\"},\"inLanguage\":\"pl-PL\",\"potentialAction\":[{\"@type\":\"ReadAction\",\"target\":[\"https:\\\/\\\/staghorn.pl\\\/?product=kolczyki-midnight-star\"]}]},{\"@type\":\"ImageObject\",\"inLanguage\":\"pl-PL\",\"@id\":\"https:\\\/\\\/staghorn.pl\\\/?product=kolczyki-midnight-star#primaryimage\",\"url\":\"https:\\\/\\\/staghorn.pl\\\/wp-content\\\/uploads\\\/2025\\\/07\\\/6-3.jpg\",\"contentUrl\":\"https:\\\/\\\/staghorn.pl\\\/wp-content\\\/uploads\\\/2025\\\/07\\\/6-3.jpg\",\"width\":640,\"height\":800,\"caption\":\"R\u0119kodzielniczy kunszt i unikalna tekstura kolczyk\u00f3w Midnight Star\"},{\"@type\":\"BreadcrumbList\",\"@id\":\"https:\\\/\\\/staghorn.pl\\\/?product=kolczyki-midnight-star#breadcrumb\",\"itemListElement\":[{\"@type\":\"ListItem\",\"position\":1,\"name\":\"Strona g\u0142\u00f3wna\",\"item\":\"https:\\\/\\\/staghorn.pl\\\/\"},{\"@type\":\"ListItem\",\"position\":2,\"name\":\"Sklep\",\"item\":\"https:\\\/\\\/staghorn.pl\\\/?page_id=395\"},{\"@type\":\"ListItem\",\"position\":3,\"name\":\"Kolczyki &#8222;Midnight Star&#8221; \u2013 granatowo-srebrne gwiazdki z koralik\u00f3w\"}]},{\"@type\":\"WebSite\",\"@id\":\"https:\\\/\\\/staghorn.pl\\\/#website\",\"url\":\"https:\\\/\\\/staghorn.pl\\\/\",\"name\":\"Staghorn\",\"description\":\"\",\"publisher\":{\"@id\":\"https:\\\/\\\/staghorn.pl\\\/#\\\/schema\\\/person\\\/985c0f377b3807be4ab7ca84c02a0459\"},\"potentialAction\":[{\"@type\":\"SearchAction\",\"target\":{\"@type\":\"EntryPoint\",\"urlTemplate\":\"https:\\\/\\\/staghorn.pl\\\/?s={search_term_string}\"},\"query-input\":{\"@type\":\"PropertyValueSpecification\",\"valueRequired\":true,\"valueName\":\"search_term_string\"}}],\"inLanguage\":\"pl-PL\"},{\"@type\":[\"Person\",\"Organization\"],\"@id\":\"https:\\\/\\\/staghorn.pl\\\/#\\\/schema\\\/person\\\/985c0f377b3807be4ab7ca84c02a0459\",\"name\":\"Kasia\",\"image\":{\"@type\":\"ImageObject\",\"inLanguage\":\"pl-PL\",\"@id\":\"https:\\\/\\\/staghorn.pl\\\/wp-content\\\/uploads\\\/2024\\\/05\\\/cropped-2.png\",\"url\":\"https:\\\/\\\/staghorn.pl\\\/wp-content\\\/uploads\\\/2024\\\/05\\\/cropped-2.png\",\"contentUrl\":\"https:\\\/\\\/staghorn.pl\\\/wp-content\\\/uploads\\\/2024\\\/05\\\/cropped-2.png\",\"width\":512,\"height\":512,\"caption\":\"Kasia\"},\"logo\":{\"@id\":\"https:\\\/\\\/staghorn.pl\\\/wp-content\\\/uploads\\\/2024\\\/05\\\/cropped-2.png\"},\"sameAs\":[\"http:\\\/\\\/staghorn.pl\"]}]}<\/script>\n<!-- \/ Yoast SEO plugin. -->","yoast_head_json":{"title":"Kolczyki \"Midnight Star\" \u2013 granatowo-srebrne gwiazdki z koralik\u00f3w - Staghorn","description":"Kolczyki Midnight Star \u2013 granatowo-srebrne gwiazdki z koralik\u00f3w. R\u0119cznie robione, lekkie i efektowne. Idealne na prezent lub wieczorne wyj\u015bcie.","robots":{"index":"index","follow":"follow","max-snippet":"max-snippet:-1","max-image-preview":"max-image-preview:large","max-video-preview":"max-video-preview:-1"},"canonical":"https:\/\/staghorn.pl\/?product=kolczyki-midnight-star","og_locale":"pl_PL","og_type":"article","og_title":"Kolczyki \"Midnight Star\" \u2013 granatowo-srebrne gwiazdki z koralik\u00f3w - Staghorn","og_description":"Kolczyki Midnight Star \u2013 granatowo-srebrne gwiazdki z koralik\u00f3w. R\u0119cznie robione, lekkie i efektowne. Idealne na prezent lub wieczorne wyj\u015bcie.","og_url":"https:\/\/staghorn.pl\/?product=kolczyki-midnight-star","og_site_name":"Staghorn","article_modified_time":"2025-11-25T17:09:51+00:00","og_image":[{"width":640,"height":800,"url":"https:\/\/staghorn.pl\/wp-content\/uploads\/2025\/07\/6-3.jpg","type":"image\/jpeg"}],"twitter_card":"summary_large_image","twitter_misc":{"Szacowany czas czytania":"2 minuty"},"schema":{"@context":"https:\/\/schema.org","@graph":[{"@type":"WebPage","@id":"https:\/\/staghorn.pl\/?product=kolczyki-midnight-star","url":"https:\/\/staghorn.pl\/?product=kolczyki-midnight-star","name":"Kolczyki \"Midnight Star\" \u2013 granatowo-srebrne gwiazdki z koralik\u00f3w - Staghorn","isPartOf":{"@id":"https:\/\/staghorn.pl\/#website"},"primaryImageOfPage":{"@id":"https:\/\/staghorn.pl\/?product=kolczyki-midnight-star#primaryimage"},"image":{"@id":"https:\/\/staghorn.pl\/?product=kolczyki-midnight-star#primaryimage"},"thumbnailUrl":"https:\/\/staghorn.pl\/wp-content\/uploads\/2025\/07\/6-3.jpg","datePublished":"2025-07-15T17:32:05+00:00","dateModified":"2025-11-25T17:09:51+00:00","description":"Kolczyki Midnight Star \u2013 granatowo-srebrne gwiazdki z koralik\u00f3w. R\u0119cznie robione, lekkie i efektowne. Idealne na prezent lub wieczorne wyj\u015bcie.","breadcrumb":{"@id":"https:\/\/staghorn.pl\/?product=kolczyki-midnight-star#breadcrumb"},"inLanguage":"pl-PL","potentialAction":[{"@type":"ReadAction","target":["https:\/\/staghorn.pl\/?product=kolczyki-midnight-star"]}]},{"@type":"ImageObject","inLanguage":"pl-PL","@id":"https:\/\/staghorn.pl\/?product=kolczyki-midnight-star#primaryimage","url":"https:\/\/staghorn.pl\/wp-content\/uploads\/2025\/07\/6-3.jpg","contentUrl":"https:\/\/staghorn.pl\/wp-content\/uploads\/2025\/07\/6-3.jpg","width":640,"height":800,"caption":"R\u0119kodzielniczy kunszt i unikalna tekstura kolczyk\u00f3w Midnight Star"},{"@type":"BreadcrumbList","@id":"https:\/\/staghorn.pl\/?product=kolczyki-midnight-star#breadcrumb","itemListElement":[{"@type":"ListItem","position":1,"name":"Strona g\u0142\u00f3wna","item":"https:\/\/staghorn.pl\/"},{"@type":"ListItem","position":2,"name":"Sklep","item":"https:\/\/staghorn.pl\/?page_id=395"},{"@type":"ListItem","position":3,"name":"Kolczyki &#8222;Midnight Star&#8221; \u2013 granatowo-srebrne gwiazdki z koralik\u00f3w"}]},{"@type":"WebSite","@id":"https:\/\/staghorn.pl\/#website","url":"https:\/\/staghorn.pl\/","name":"Staghorn","description":"","publisher":{"@id":"https:\/\/staghorn.pl\/#\/schema\/person\/985c0f377b3807be4ab7ca84c02a0459"},"potentialAction":[{"@type":"SearchAction","target":{"@type":"EntryPoint","urlTemplate":"https:\/\/staghorn.pl\/?s={search_term_string}"},"query-input":{"@type":"PropertyValueSpecification","valueRequired":true,"valueName":"search_term_string"}}],"inLanguage":"pl-PL"},{"@type":["Person","Organization"],"@id":"https:\/\/staghorn.pl\/#\/schema\/person\/985c0f377b3807be4ab7ca84c02a0459","name":"Kasia","image":{"@type":"ImageObject","inLanguage":"pl-PL","@id":"https:\/\/staghorn.pl\/wp-content\/uploads\/2024\/05\/cropped-2.png","url":"https:\/\/staghorn.pl\/wp-content\/uploads\/2024\/05\/cropped-2.png","contentUrl":"https:\/\/staghorn.pl\/wp-content\/uploads\/2024\/05\/cropped-2.png","width":512,"height":512,"caption":"Kasia"},"logo":{"@id":"https:\/\/staghorn.pl\/wp-content\/uploads\/2024\/05\/cropped-2.png"},"sameAs":["http:\/\/staghorn.pl"]}]}},"jetpack_sharing_enabled":true,"_links":{"self":[{"href":"https:\/\/staghorn.pl\/index.php?rest_route=\/wp\/v2\/product\/1779","targetHints":{"allow":["GET"]}}],"collection":[{"href":"https:\/\/staghorn.pl\/index.php?rest_route=\/wp\/v2\/product"}],"about":[{"href":"https:\/\/staghorn.pl\/index.php?rest_route=\/wp\/v2\/types\/product"}],"replies":[{"embeddable":true,"href":"https:\/\/staghorn.pl\/index.php?rest_route=%2Fwp%2Fv2%2Fcomments&post=1779"}],"wp:featuredmedia":[{"embeddable":true,"href":"https:\/\/staghorn.pl\/index.php?rest_route=\/wp\/v2\/media\/1783"}],"wp:attachment":[{"href":"https:\/\/staghorn.pl\/index.php?rest_route=%2Fwp%2Fv2%2Fmedia&parent=1779"}],"wp:term":[{"taxonomy":"product_brand","embeddable":true,"href":"https:\/\/staghorn.pl\/index.php?rest_route=%2Fwp%2Fv2%2Fproduct_brand&post=1779"},{"taxonomy":"product_cat","embeddable":true,"href":"https:\/\/staghorn.pl\/index.php?rest_route=%2Fwp%2Fv2%2Fproduct_cat&post=1779"},{"taxonomy":"product_tag","embeddable":true,"href":"https:\/\/staghorn.pl\/index.php?rest_route=%2Fwp%2Fv2%2Fproduct_tag&post=1779"}],"curies":[{"name":"wp","href":"https:\/\/api.w.org\/{rel}","templated":true}]}}