{"id":1796,"date":"2025-07-17T20:03:37","date_gmt":"2025-07-17T18:03:37","guid":{"rendered":"https:\/\/staghorn.pl\/?post_type=product&#038;p=1796"},"modified":"2025-11-25T18:09:30","modified_gmt":"2025-11-25T17:09:30","slug":"male-srebrne-sztyfty","status":"publish","type":"product","link":"https:\/\/staghorn.pl\/?product=male-srebrne-sztyfty","title":{"rendered":"Ma\u0142e srebrne sztyfty z kryszta\u0142k\u00f3w"},"content":{"rendered":"<h1 style=\"text-align: center;\">\u2728 <strong data-start=\"248\" data-end=\"323\">Ma\u0142e srebrne sztyfty z kryszta\u0142k\u00f3w \u2013 subtelno\u015b\u0107, kt\u00f3ra b\u0142yszczy z klas\u0105<\/strong><\/h1>\n<div>Nie musisz nosi\u0107 du\u017cej bi\u017cuterii, by robi\u0107 wra\u017cenie. Czasem wystarczy drobny detal, kt\u00f3ry delikatnie \u0142apie \u015bwiat\u0142o i m\u00f3wi: \u201emam sw\u00f3j w\u0142asny styl\u201d. Te male\u0144kie srebrne sztyfty s\u0105 jak kropla \u015bwiat\u0142a \u2013 subtelne, wygodne, uniwersalne. Idealne dla kobiet, kt\u00f3re kochaj\u0105 prostot\u0119 i ponadczasow\u0105 elegancj\u0119.<\/div>\n<hr \/>\n<h2 style=\"text-align: center;\"><strong>\ud83d\udc8e R\u0119czne Rzemios\u0142o \u2013 Ma\u0142a Forma, Du\u017cy Efekt<\/strong><\/h2>\n<div>Sztyfty zosta\u0142y wykonane r\u0119cznie z kryszta\u0142k\u00f3w <strong data-start=\"819\" data-end=\"843\">Preciosa Bicone 3 mm<\/strong> w metalicznym odcieniu Labrador oraz precyzyjnych, srebrnych koralik\u00f3w <strong data-start=\"919\" data-end=\"936\">Miyuki Delica<\/strong>. Ca\u0142o\u015b\u0107 osadzona na bazie ze <strong data-start=\"974\" data-end=\"995\">stali nierdzewnej<\/strong> \u2013 trwa\u0142ej, bezpiecznej i lekkiej.<br data-start=\"1029\" data-end=\"1032\" \/>Wymiary: <strong data-start=\"1041\" data-end=\"1057\">0,7 \u00d7 0,7 cm<\/strong> \u2013 kolczyki s\u0105 drobne, komfortowe i niewyczuwalne na uchu. Sprawdz\u0105 si\u0119 zar\u00f3wno do klasycznego przek\u0142ucia p\u0142atka, jak i jako bi\u017cuteria do <strong data-start=\"1199\" data-end=\"1226\">helix, flat czy lobe<\/strong>.<\/div>\n<hr \/>\n<h3 style=\"text-align: center;\"><strong>\ud83c\udf1f O Materia\u0142ach \u2013 Jako\u015b\u0107, Kt\u00f3ra Ma Znaczenie<\/strong><\/h3>\n<ul>\n<li data-start=\"1276\" data-end=\"1549\">\n<p data-start=\"1278\" data-end=\"1549\"><strong data-start=\"1278\" data-end=\"1304\">Koraliki Miyuki Delica<\/strong> pochodz\u0105 z Japonii. S\u0105 uznane za jedne z najbardziej precyzyjnych na \u015bwiecie. Maj\u0105 idealnie cylindryczny kszta\u0142t, co zapewnia symetryczne i trwa\u0142e wyko\u0144czenie. Ich metaliczny po\u0142ysk jest subtelny i elegancki, a jako\u015b\u0107 \u2013 nie do podrobienia.<\/p>\n<\/li>\n<li data-start=\"1550\" data-end=\"1793\">\n<p data-start=\"1552\" data-end=\"1793\"><strong data-start=\"1552\" data-end=\"1575\">Kryszta\u0142ki Preciosa<\/strong> to produkty renomowanej czeskiej marki o ponad 100-letniej historii. S\u0142yn\u0105 z wyj\u0105tkowego szlifu, intensywnego blasku i nasyconych kolor\u00f3w. Odcie\u0144 <strong data-start=\"1722\" data-end=\"1734\">Labrador<\/strong> daje efekt lustra \u2013 ch\u0142odny, srebrzysty, ale z nut\u0105 g\u0142\u0119bi.<\/p>\n<\/li>\n<\/ul>\n<hr \/>\n<h3 style=\"text-align: center;\"><strong>\ud83c\udf81 Na Co Dzie\u0144 i na Prezent \u2013 Zawsze Pasuj\u0105<\/strong><\/h3>\n<p>Ma\u0142e srebrne sztyfty to doskona\u0142y pomys\u0142 na prezent \u2013 <strong data-start=\"1894\" data-end=\"1963\">dla minimalistki, nastolatki, mamy, siostry czy kole\u017canki z pracy<\/strong>. Sprawdz\u0105 si\u0119 jako elegancki dodatek na co dzie\u0144, ale te\u017c jako <strong data-start=\"2027\" data-end=\"2048\">pierwsze kolczyki<\/strong> dla os\u00f3b z wra\u017cliwymi uszami. Zapakowane z trosk\u0105, gotowe do wr\u0119czenia \u2013 lub do zatrzymania dla siebie.<\/p>\n<hr \/>\n<h4 style=\"text-align: center;\"><strong>\ud83c\udfa8 Styl i Uniwersalno\u015b\u0107 &#8211; Minimalizm, kt\u00f3ry Ma Sw\u00f3j Blask<\/strong><\/h4>\n<p>Metaliczny srebrny kolor \u015bwietnie komponuje si\u0119 z ka\u017cdym typem urody i dowoln\u0105 stylizacj\u0105 \u2013 od bieli i pasteli, po czer\u0144, szaro\u015bci i denim. To bi\u017cuteria \u201edo wszystkiego\u201d \u2013 lekka, niezobowi\u0105zuj\u0105ca, ale elegancka.<\/p>\n<hr \/>\n<p>&nbsp;<\/p>\n<p>\ud83d\udecd\ufe0f Buy on<a href=\"https:\/\/staghornpl.etsy.com\/listing\/4336982861\"><strong> ETSY<\/strong><\/a><\/p>\n<p>\ud83d\udce9 Je\u015bli masz jakiekolwiek pytania, mo\u017cesz skontaktowa\u0107 si\u0119 ze mn\u0105 za po\u015brednictwem <a href=\"https:\/\/staghorn.pl\/?page_id=126\">formularza kontaktowego<\/a><\/p>\n<p>\ud83d\udcbb\u00a0 Pami\u0119taj, \u017ce ze wzgl\u0119du na efekty o\u015bwietleniowe, jasno\u015b\u0107 monitora, kontrast oraz inne ustawienia, mog\u0105 wyst\u0105pi\u0107 niewielkie r\u00f3\u017cnice w odcieniu koloru zdj\u0119cia na stronie internetowej a rzeczywistym produktem.<\/p>\n<p>&nbsp;<\/p>\n","protected":false},"excerpt":{"rendered":"<p data-start=\"2443\" data-end=\"2684\">\u2728 Ma\u0142e srebrne sztyfty z kryszta\u0142k\u00f3w Preciosa i koralik\u00f3w Miyuki<br data-start=\"2507\" data-end=\"2510\" \/>\u2714 Kolor Labrador, stal nierdzewna, r\u0119czne wykonanie<br data-start=\"2561\" data-end=\"2564\" \/>\u2714 Idealne do klasycznego, helix, flat czy tragus<br \/>\n\u2714 O wielko\u015bci 0,7 x 0,7 cm<br data-start=\"2612\" data-end=\"2615\" \/>\ud83e\udd0d Dla kobiet, kt\u00f3re ceni\u0105 minimalizm, srebrny b\u0142ysk i jako\u015b\u0107 premium<\/p>\n<p>\ud83d\udecd\ufe0f Buy on<a href=\"https:\/\/staghornpl.etsy.com\/listing\/4336982861\"><strong> ETSY<\/strong><\/a><\/p>\n","protected":false},"featured_media":1787,"comment_status":"open","ping_status":"closed","template":"","meta":{"_kad_post_transparent":"default","_kad_post_title":"","_kad_post_layout":"default","_kad_post_sidebar_id":"","_kad_post_content_style":"default","_kad_post_vertical_padding":"default","_kad_post_feature":"","_kad_post_feature_position":"","_kad_post_header":false,"_kad_post_footer":false,"_kad_post_classname":""},"product_brand":[],"product_cat":[154,21,111],"product_tag":[54,45,42,72,36,58,44,57,108,39,46,81,68,37,62],"class_list":{"0":"post-1796","1":"product","2":"type-product","3":"status-publish","4":"has-post-thumbnail","6":"product_cat-bizuteria-z-krysztalkow","7":"product_cat-kolczyki","8":"product_cat-male-sztyfty","9":"product_tag-akcesoria-dla-kobiet","10":"product_tag-bizuteria-dla-kobiet","11":"product_tag-bizuteria-na-co-dzien","12":"product_tag-bizuteria-na-wieczorne-wyjscia","13":"product_tag-delikatna-bizuteria","14":"product_tag-elegancka-bizuteria","15":"product_tag-kolczyki","16":"product_tag-kolczyki-na-sztyfcie","17":"product_tag-minimalistyczna-bizuteria","18":"product_tag-moda-damska","19":"product_tag-modne-dodatki","20":"product_tag-niebieski","21":"product_tag-prezent-dla-dziewczynki","22":"product_tag-prezent-dla-niej","23":"product_tag-wiosenne-stylizacje","24":"product_shipping_class-male-gabaryty","26":"first","27":"instock","28":"shipping-taxable","29":"purchasable","30":"product-type-simple","31":"entry","32":"content-bg","33":"loop-entry"},"yoast_head":"<!-- This site is optimized with the Yoast SEO plugin v27.4 - https:\/\/yoast.com\/product\/yoast-seo-wordpress\/ -->\n<title>Ma\u0142e srebrne sztyfty z kryszta\u0142k\u00f3w - Staghorn<\/title>\n<meta name=\"description\" content=\"Ma\u0142e srebrne sztyfty z kryszta\u0142k\u00f3w i koralik\u00f3w. Subtelne, r\u0119cznie robione, wygodne do r\u00f3\u017cnych przek\u0142u\u0107. Idealne do codziennego noszenia i na prezent.\" \/>\n<meta name=\"robots\" content=\"index, follow, max-snippet:-1, max-image-preview:large, max-video-preview:-1\" \/>\n<link rel=\"canonical\" href=\"https:\/\/staghorn.pl\/?product=male-srebrne-sztyfty\" \/>\n<meta property=\"og:locale\" content=\"pl_PL\" \/>\n<meta property=\"og:type\" content=\"article\" \/>\n<meta property=\"og:title\" content=\"Ma\u0142e srebrne sztyfty z kryszta\u0142k\u00f3w - Staghorn\" \/>\n<meta property=\"og:description\" content=\"Ma\u0142e srebrne sztyfty z kryszta\u0142k\u00f3w i koralik\u00f3w. Subtelne, r\u0119cznie robione, wygodne do r\u00f3\u017cnych przek\u0142u\u0107. Idealne do codziennego noszenia i na prezent.\" \/>\n<meta property=\"og:url\" content=\"https:\/\/staghorn.pl\/?product=male-srebrne-sztyfty\" \/>\n<meta property=\"og:site_name\" content=\"Staghorn\" \/>\n<meta property=\"article:modified_time\" content=\"2025-11-25T17:09:30+00:00\" \/>\n<meta property=\"og:image\" content=\"https:\/\/staghorn.pl\/wp-content\/uploads\/2025\/07\/5-2.jpg\" \/>\n\t<meta property=\"og:image:width\" content=\"640\" \/>\n\t<meta property=\"og:image:height\" content=\"800\" \/>\n\t<meta property=\"og:image:type\" content=\"image\/jpeg\" \/>\n<meta name=\"twitter:card\" content=\"summary_large_image\" \/>\n<meta name=\"twitter:label1\" content=\"Szacowany czas czytania\" \/>\n\t<meta name=\"twitter:data1\" content=\"3 minuty\" \/>\n<script type=\"application\/ld+json\" class=\"yoast-schema-graph\">{\"@context\":\"https:\\\/\\\/schema.org\",\"@graph\":[{\"@type\":\"WebPage\",\"@id\":\"https:\\\/\\\/staghorn.pl\\\/?product=male-srebrne-sztyfty\",\"url\":\"https:\\\/\\\/staghorn.pl\\\/?product=male-srebrne-sztyfty\",\"name\":\"Ma\u0142e srebrne sztyfty z kryszta\u0142k\u00f3w - Staghorn\",\"isPartOf\":{\"@id\":\"https:\\\/\\\/staghorn.pl\\\/#website\"},\"primaryImageOfPage\":{\"@id\":\"https:\\\/\\\/staghorn.pl\\\/?product=male-srebrne-sztyfty#primaryimage\"},\"image\":{\"@id\":\"https:\\\/\\\/staghorn.pl\\\/?product=male-srebrne-sztyfty#primaryimage\"},\"thumbnailUrl\":\"https:\\\/\\\/staghorn.pl\\\/wp-content\\\/uploads\\\/2025\\\/07\\\/5-2.jpg\",\"datePublished\":\"2025-07-17T18:03:37+00:00\",\"dateModified\":\"2025-11-25T17:09:30+00:00\",\"description\":\"Ma\u0142e srebrne sztyfty z kryszta\u0142k\u00f3w i koralik\u00f3w. Subtelne, r\u0119cznie robione, wygodne do r\u00f3\u017cnych przek\u0142u\u0107. Idealne do codziennego noszenia i na prezent.\",\"breadcrumb\":{\"@id\":\"https:\\\/\\\/staghorn.pl\\\/?product=male-srebrne-sztyfty#breadcrumb\"},\"inLanguage\":\"pl-PL\",\"potentialAction\":[{\"@type\":\"ReadAction\",\"target\":[\"https:\\\/\\\/staghorn.pl\\\/?product=male-srebrne-sztyfty\"]}]},{\"@type\":\"ImageObject\",\"inLanguage\":\"pl-PL\",\"@id\":\"https:\\\/\\\/staghorn.pl\\\/?product=male-srebrne-sztyfty#primaryimage\",\"url\":\"https:\\\/\\\/staghorn.pl\\\/wp-content\\\/uploads\\\/2025\\\/07\\\/5-2.jpg\",\"contentUrl\":\"https:\\\/\\\/staghorn.pl\\\/wp-content\\\/uploads\\\/2025\\\/07\\\/5-2.jpg\",\"width\":640,\"height\":800,\"caption\":\"Metaliczny po\u0142ysk kryszta\u0142k\u00f3w Preciosa i precyzyjne koraliki Miyuki\"},{\"@type\":\"BreadcrumbList\",\"@id\":\"https:\\\/\\\/staghorn.pl\\\/?product=male-srebrne-sztyfty#breadcrumb\",\"itemListElement\":[{\"@type\":\"ListItem\",\"position\":1,\"name\":\"Strona g\u0142\u00f3wna\",\"item\":\"https:\\\/\\\/staghorn.pl\\\/\"},{\"@type\":\"ListItem\",\"position\":2,\"name\":\"Sklep\",\"item\":\"https:\\\/\\\/staghorn.pl\\\/?page_id=395\"},{\"@type\":\"ListItem\",\"position\":3,\"name\":\"Ma\u0142e srebrne sztyfty z kryszta\u0142k\u00f3w\"}]},{\"@type\":\"WebSite\",\"@id\":\"https:\\\/\\\/staghorn.pl\\\/#website\",\"url\":\"https:\\\/\\\/staghorn.pl\\\/\",\"name\":\"Staghorn\",\"description\":\"\",\"publisher\":{\"@id\":\"https:\\\/\\\/staghorn.pl\\\/#\\\/schema\\\/person\\\/985c0f377b3807be4ab7ca84c02a0459\"},\"potentialAction\":[{\"@type\":\"SearchAction\",\"target\":{\"@type\":\"EntryPoint\",\"urlTemplate\":\"https:\\\/\\\/staghorn.pl\\\/?s={search_term_string}\"},\"query-input\":{\"@type\":\"PropertyValueSpecification\",\"valueRequired\":true,\"valueName\":\"search_term_string\"}}],\"inLanguage\":\"pl-PL\"},{\"@type\":[\"Person\",\"Organization\"],\"@id\":\"https:\\\/\\\/staghorn.pl\\\/#\\\/schema\\\/person\\\/985c0f377b3807be4ab7ca84c02a0459\",\"name\":\"Kasia\",\"image\":{\"@type\":\"ImageObject\",\"inLanguage\":\"pl-PL\",\"@id\":\"https:\\\/\\\/staghorn.pl\\\/wp-content\\\/uploads\\\/2024\\\/05\\\/cropped-2.png\",\"url\":\"https:\\\/\\\/staghorn.pl\\\/wp-content\\\/uploads\\\/2024\\\/05\\\/cropped-2.png\",\"contentUrl\":\"https:\\\/\\\/staghorn.pl\\\/wp-content\\\/uploads\\\/2024\\\/05\\\/cropped-2.png\",\"width\":512,\"height\":512,\"caption\":\"Kasia\"},\"logo\":{\"@id\":\"https:\\\/\\\/staghorn.pl\\\/wp-content\\\/uploads\\\/2024\\\/05\\\/cropped-2.png\"},\"sameAs\":[\"http:\\\/\\\/staghorn.pl\"]}]}<\/script>\n<!-- \/ Yoast SEO plugin. -->","yoast_head_json":{"title":"Ma\u0142e srebrne sztyfty z kryszta\u0142k\u00f3w - Staghorn","description":"Ma\u0142e srebrne sztyfty z kryszta\u0142k\u00f3w i koralik\u00f3w. Subtelne, r\u0119cznie robione, wygodne do r\u00f3\u017cnych przek\u0142u\u0107. Idealne do codziennego noszenia i na prezent.","robots":{"index":"index","follow":"follow","max-snippet":"max-snippet:-1","max-image-preview":"max-image-preview:large","max-video-preview":"max-video-preview:-1"},"canonical":"https:\/\/staghorn.pl\/?product=male-srebrne-sztyfty","og_locale":"pl_PL","og_type":"article","og_title":"Ma\u0142e srebrne sztyfty z kryszta\u0142k\u00f3w - Staghorn","og_description":"Ma\u0142e srebrne sztyfty z kryszta\u0142k\u00f3w i koralik\u00f3w. Subtelne, r\u0119cznie robione, wygodne do r\u00f3\u017cnych przek\u0142u\u0107. Idealne do codziennego noszenia i na prezent.","og_url":"https:\/\/staghorn.pl\/?product=male-srebrne-sztyfty","og_site_name":"Staghorn","article_modified_time":"2025-11-25T17:09:30+00:00","og_image":[{"width":640,"height":800,"url":"https:\/\/staghorn.pl\/wp-content\/uploads\/2025\/07\/5-2.jpg","type":"image\/jpeg"}],"twitter_card":"summary_large_image","twitter_misc":{"Szacowany czas czytania":"3 minuty"},"schema":{"@context":"https:\/\/schema.org","@graph":[{"@type":"WebPage","@id":"https:\/\/staghorn.pl\/?product=male-srebrne-sztyfty","url":"https:\/\/staghorn.pl\/?product=male-srebrne-sztyfty","name":"Ma\u0142e srebrne sztyfty z kryszta\u0142k\u00f3w - Staghorn","isPartOf":{"@id":"https:\/\/staghorn.pl\/#website"},"primaryImageOfPage":{"@id":"https:\/\/staghorn.pl\/?product=male-srebrne-sztyfty#primaryimage"},"image":{"@id":"https:\/\/staghorn.pl\/?product=male-srebrne-sztyfty#primaryimage"},"thumbnailUrl":"https:\/\/staghorn.pl\/wp-content\/uploads\/2025\/07\/5-2.jpg","datePublished":"2025-07-17T18:03:37+00:00","dateModified":"2025-11-25T17:09:30+00:00","description":"Ma\u0142e srebrne sztyfty z kryszta\u0142k\u00f3w i koralik\u00f3w. Subtelne, r\u0119cznie robione, wygodne do r\u00f3\u017cnych przek\u0142u\u0107. Idealne do codziennego noszenia i na prezent.","breadcrumb":{"@id":"https:\/\/staghorn.pl\/?product=male-srebrne-sztyfty#breadcrumb"},"inLanguage":"pl-PL","potentialAction":[{"@type":"ReadAction","target":["https:\/\/staghorn.pl\/?product=male-srebrne-sztyfty"]}]},{"@type":"ImageObject","inLanguage":"pl-PL","@id":"https:\/\/staghorn.pl\/?product=male-srebrne-sztyfty#primaryimage","url":"https:\/\/staghorn.pl\/wp-content\/uploads\/2025\/07\/5-2.jpg","contentUrl":"https:\/\/staghorn.pl\/wp-content\/uploads\/2025\/07\/5-2.jpg","width":640,"height":800,"caption":"Metaliczny po\u0142ysk kryszta\u0142k\u00f3w Preciosa i precyzyjne koraliki Miyuki"},{"@type":"BreadcrumbList","@id":"https:\/\/staghorn.pl\/?product=male-srebrne-sztyfty#breadcrumb","itemListElement":[{"@type":"ListItem","position":1,"name":"Strona g\u0142\u00f3wna","item":"https:\/\/staghorn.pl\/"},{"@type":"ListItem","position":2,"name":"Sklep","item":"https:\/\/staghorn.pl\/?page_id=395"},{"@type":"ListItem","position":3,"name":"Ma\u0142e srebrne sztyfty z kryszta\u0142k\u00f3w"}]},{"@type":"WebSite","@id":"https:\/\/staghorn.pl\/#website","url":"https:\/\/staghorn.pl\/","name":"Staghorn","description":"","publisher":{"@id":"https:\/\/staghorn.pl\/#\/schema\/person\/985c0f377b3807be4ab7ca84c02a0459"},"potentialAction":[{"@type":"SearchAction","target":{"@type":"EntryPoint","urlTemplate":"https:\/\/staghorn.pl\/?s={search_term_string}"},"query-input":{"@type":"PropertyValueSpecification","valueRequired":true,"valueName":"search_term_string"}}],"inLanguage":"pl-PL"},{"@type":["Person","Organization"],"@id":"https:\/\/staghorn.pl\/#\/schema\/person\/985c0f377b3807be4ab7ca84c02a0459","name":"Kasia","image":{"@type":"ImageObject","inLanguage":"pl-PL","@id":"https:\/\/staghorn.pl\/wp-content\/uploads\/2024\/05\/cropped-2.png","url":"https:\/\/staghorn.pl\/wp-content\/uploads\/2024\/05\/cropped-2.png","contentUrl":"https:\/\/staghorn.pl\/wp-content\/uploads\/2024\/05\/cropped-2.png","width":512,"height":512,"caption":"Kasia"},"logo":{"@id":"https:\/\/staghorn.pl\/wp-content\/uploads\/2024\/05\/cropped-2.png"},"sameAs":["http:\/\/staghorn.pl"]}]}},"jetpack_sharing_enabled":true,"_links":{"self":[{"href":"https:\/\/staghorn.pl\/index.php?rest_route=\/wp\/v2\/product\/1796","targetHints":{"allow":["GET"]}}],"collection":[{"href":"https:\/\/staghorn.pl\/index.php?rest_route=\/wp\/v2\/product"}],"about":[{"href":"https:\/\/staghorn.pl\/index.php?rest_route=\/wp\/v2\/types\/product"}],"replies":[{"embeddable":true,"href":"https:\/\/staghorn.pl\/index.php?rest_route=%2Fwp%2Fv2%2Fcomments&post=1796"}],"wp:featuredmedia":[{"embeddable":true,"href":"https:\/\/staghorn.pl\/index.php?rest_route=\/wp\/v2\/media\/1787"}],"wp:attachment":[{"href":"https:\/\/staghorn.pl\/index.php?rest_route=%2Fwp%2Fv2%2Fmedia&parent=1796"}],"wp:term":[{"taxonomy":"product_brand","embeddable":true,"href":"https:\/\/staghorn.pl\/index.php?rest_route=%2Fwp%2Fv2%2Fproduct_brand&post=1796"},{"taxonomy":"product_cat","embeddable":true,"href":"https:\/\/staghorn.pl\/index.php?rest_route=%2Fwp%2Fv2%2Fproduct_cat&post=1796"},{"taxonomy":"product_tag","embeddable":true,"href":"https:\/\/staghorn.pl\/index.php?rest_route=%2Fwp%2Fv2%2Fproduct_tag&post=1796"}],"curies":[{"name":"wp","href":"https:\/\/api.w.org\/{rel}","templated":true}]}}