{"id":2155,"date":"2025-11-27T14:16:41","date_gmt":"2025-11-27T13:16:41","guid":{"rendered":"https:\/\/staghorn.pl\/?post_type=product&#038;p=2155"},"modified":"2026-03-06T12:39:15","modified_gmt":"2026-03-06T11:39:15","slug":"kolczyki-siam-ember","status":"publish","type":"product","link":"https:\/\/staghorn.pl\/?product=kolczyki-siam-ember","title":{"rendered":"Kolczyki Siam Ember \u2013 seria Filigree Weave"},"content":{"rendered":"<h1 style=\"text-align: center;\"><strong>Kolczyki Siam Ember \u2013 z kryszta\u0142k\u00f3w Preciosa w czerwieni i z\u0142ocie<\/strong><\/h1>\n<p data-start=\"558\" data-end=\"917\"><strong data-start=\"1483\" data-end=\"1497\">Siam Ember<\/strong> to kolczyki, w kt\u00f3rych intensywna czerwie\u0144 spotyka si\u0119 z ciep\u0142ym z\u0142otem, tworz\u0105c projekt pe\u0142en \u017caru, harmonii i elegancji. Misterny splot charakterystyczny dla serii <strong data-start=\"1664\" data-end=\"1682\">Filigree Weave<\/strong> sprawia, \u017ce forma jest wyrazista, a jednocze\u015bnie lekka i uporz\u0105dkowana.<\/p>\n<hr \/>\n<h2 style=\"text-align: center;\">\u2727 <strong data-start=\"1166\" data-end=\"1201\">\u015awiat\u0142o zamkni\u0119te w kryszta\u0142ach<\/strong><\/h2>\n<p data-start=\"1918\" data-end=\"2109\">Kolczyki wykonane s\u0105 r\u0119cznie z kryszta\u0142k\u00f3w <strong data-start=\"1961\" data-end=\"1988\">Preciosa Bicone Siam AB<\/strong> (4 mm) i <strong data-start=\"1961\" data-end=\"1988\">Preciosa Bicone Siam <\/strong>(3 mm).<br data-start=\"2000\" data-end=\"2003\" \/>Ten odcie\u0144 to g\u0142\u0119boka, czysta czerwie\u0144 z subteln\u0105 iryzacj\u0105, kt\u00f3ra o\u017cywia form\u0119 i dodaje jej \u015bwietlisto\u015bci.<\/p>\n<p data-start=\"2111\" data-end=\"2326\">Pomi\u0119dzy kryszta\u0142kami znajduj\u0105 si\u0119 z\u0142ote koraliki <strong data-start=\"2161\" data-end=\"2178\">Miyuki Delica<\/strong>, wprowadzaj\u0105ce rytm, ciep\u0142o i precyzj\u0119.<br data-start=\"2218\" data-end=\"2221\" \/>Ca\u0142o\u015b\u0107 uzupe\u0142nia fasetowana <strong data-start=\"2249\" data-end=\"2264\">\u0142ezka Topaz<\/strong> \u2013 bursztynowa, \u015bwietlista, domykaj\u0105ca kompozycj\u0119 z wdzi\u0119kiem.<\/p>\n<p data-start=\"2328\" data-end=\"2484\">Kolczyki zawieszone s\u0105 na z\u0142otych biglach ze stali nierdzewnej \u2013 lekkich, trwa\u0142ych i hipoalergicznych, odpowiednich do noszenia przez ca\u0142y dzie\u0144 i ca\u0142\u0105 noc.<\/p>\n<hr \/>\n<h2 style=\"text-align: center;\">\u2727 <strong data-start=\"2175\" data-end=\"2205\">Dla kogo i na jak\u0105 okazj\u0119 &#8211; Stylowa alternatywa dla klasyki<\/strong><\/h2>\n<p data-start=\"2861\" data-end=\"3165\">Czerwie\u0144 <strong data-start=\"2870\" data-end=\"2881\">Siam AB<\/strong> jest intensywna, ale nie krzykliwa. W po\u0142\u0105czeniu z bursztynowymi refleksami i z\u0142otem tworzy zestawienie eleganckie, pe\u0142ne ciep\u0142a i nowoczesnej energii.<br data-start=\"3033\" data-end=\"3036\" \/>To kolczyki dla kobiet, kt\u00f3re nie boj\u0105 si\u0119 koloru, ale wybieraj\u0105 go \u015bwiadomie \u2014 jako akcent, kt\u00f3ry wydobywa charakter stylizacji.<\/p>\n<p data-start=\"3167\" data-end=\"3177\">Pasuj\u0105 do:<\/p>\n<ul data-start=\"3178\" data-end=\"3345\">\n<li data-start=\"3178\" data-end=\"3202\">\n<p data-start=\"3180\" data-end=\"3202\">czerni, z\u0142ota, be\u017cu,<\/p>\n<\/li>\n<li data-start=\"3203\" data-end=\"3244\">\n<p data-start=\"3205\" data-end=\"3244\">jesiennych i \u015bwi\u0105tecznych stylizacji,<\/p>\n<\/li>\n<li data-start=\"3245\" data-end=\"3275\">\n<p data-start=\"3247\" data-end=\"3275\">prostych koszul i swetr\u00f3w,<\/p>\n<\/li>\n<li data-start=\"3276\" data-end=\"3345\">\n<p data-start=\"3278\" data-end=\"3345\">wieczorowych sukienek w czerwieni, czerni, granacie lub butelkowej zieleni.<\/p>\n<\/li>\n<\/ul>\n<hr \/>\n<p>\ud83d\udce9 Je\u015bli masz jakiekolwiek pytania, mo\u017cesz skontaktowa\u0107 si\u0119 ze mn\u0105 za po\u015brednictwem <a href=\"https:\/\/staghorn.pl\/?page_id=126\">formularza kontaktowego<\/a><\/p>\n<p>\ud83d\udcbb\u00a0 Pami\u0119taj, \u017ce ze wzgl\u0119du na efekty o\u015bwietleniowe, jasno\u015b\u0107 monitora, kontrast oraz inne ustawienia, mog\u0105 wyst\u0105pi\u0107 niewielkie r\u00f3\u017cnice w odcieniu koloru zdj\u0119cia na stronie internetowej a rzeczywistym produktem.<\/p>\n","protected":false},"excerpt":{"rendered":"<p>\u2727 <strong data-start=\"1518\" data-end=\"1543\">Materia\u0142y i wykonanie<\/strong><\/p>\n<ul>\n<li data-start=\"2299\" data-end=\"2371\">\n<p data-start=\"2301\" data-end=\"2371\">kryszta\u0142ki Preciosa Bicone<\/p>\n<\/li>\n<li data-start=\"2372\" data-end=\"2407\">\n<p data-start=\"2374\" data-end=\"2407\">fasetowana kropla Preciosa Siam<\/p>\n<\/li>\n<li data-start=\"2408\" data-end=\"2442\">\n<p data-start=\"2410\" data-end=\"2442\">koraliki Miyuki Delica<\/p>\n<\/li>\n<li data-start=\"2443\" data-end=\"2489\">\n<p data-start=\"2445\" data-end=\"2489\">bigle ze stali nierdzewnej w kolorze z\u0142ota<\/p>\n<\/li>\n<li data-start=\"2490\" data-end=\"2511\">\n<p data-start=\"2492\" data-end=\"2511\">d\u0142ugo\u015b\u0107: ok. 6 cm<\/p>\n<\/li>\n<li data-start=\"2512\" data-end=\"2554\">\n<p data-start=\"2514\" data-end=\"2554\">r\u0119czne wykonanie, seria Filigree Weave<\/p>\n<\/li>\n<li data-start=\"2555\" data-end=\"2585\">\n<p data-start=\"2557\" data-end=\"2585\">lekkie, stabilne, komfortowe<\/p>\n<\/li>\n<\/ul>\n","protected":false},"featured_media":2087,"comment_status":"open","ping_status":"closed","template":"","meta":{"_kad_post_transparent":"default","_kad_post_title":"","_kad_post_layout":"default","_kad_post_sidebar_id":"","_kad_post_content_style":"default","_kad_post_vertical_padding":"default","_kad_post_feature":"","_kad_post_feature_position":"","_kad_post_header":false,"_kad_post_footer":false,"_kad_post_classname":""},"product_brand":[],"product_cat":[154,137,156,21],"product_tag":[54,45,42,72,71,36,58,75,143,44,39,46,68,37,158,62,60],"class_list":{"0":"post-2155","1":"product","2":"type-product","3":"status-publish","4":"has-post-thumbnail","6":"product_cat-bizuteria-z-krysztalkow","7":"product_cat-dlugie-kolczyki","8":"product_cat-filigree-weave","9":"product_cat-kolczyki","10":"product_tag-akcesoria-dla-kobiet","11":"product_tag-bizuteria-dla-kobiet","12":"product_tag-bizuteria-na-co-dzien","13":"product_tag-bizuteria-na-wieczorne-wyjscia","14":"product_tag-bransoletka-do-pracy","15":"product_tag-delikatna-bizuteria","16":"product_tag-elegancka-bizuteria","17":"product_tag-geometryczna-bizuteria","18":"product_tag-granatowa-bizuteria","19":"product_tag-kolczyki","20":"product_tag-moda-damska","21":"product_tag-modne-dodatki","22":"product_tag-prezent-dla-dziewczynki","23":"product_tag-prezent-dla-niej","24":"product_tag-wieczorowe-kolczyki","25":"product_tag-wiosenne-stylizacje","26":"product_tag-zlote-kolczyki","27":"product_shipping_class-male-gabaryty","29":"first","30":"instock","31":"shipping-taxable","32":"purchasable","33":"product-type-simple","34":"entry","35":"content-bg","36":"loop-entry"},"yoast_head":"<!-- This site is optimized with the Yoast SEO plugin v27.4 - https:\/\/yoast.com\/product\/yoast-seo-wordpress\/ -->\n<title>Kolczyki Siam Ember \u2013 seria Filigree Weave - Staghorn<\/title>\n<meta name=\"description\" content=\"Eleganckie czerwone kolczyki Siam Ember z kryszta\u0142k\u00f3w. R\u0119cznie wykonana bi\u017cuteria handmade \u2013 wyrazista, lekka i idealna na prezent.\" \/>\n<meta name=\"robots\" content=\"index, follow, max-snippet:-1, max-image-preview:large, max-video-preview:-1\" \/>\n<link rel=\"canonical\" href=\"https:\/\/staghorn.pl\/?product=kolczyki-siam-ember\" \/>\n<meta property=\"og:locale\" content=\"pl_PL\" \/>\n<meta property=\"og:type\" content=\"article\" \/>\n<meta property=\"og:title\" content=\"Kolczyki Siam Ember \u2013 seria Filigree Weave - Staghorn\" \/>\n<meta property=\"og:description\" content=\"Eleganckie czerwone kolczyki Siam Ember z kryszta\u0142k\u00f3w. R\u0119cznie wykonana bi\u017cuteria handmade \u2013 wyrazista, lekka i idealna na prezent.\" \/>\n<meta property=\"og:url\" content=\"https:\/\/staghorn.pl\/?product=kolczyki-siam-ember\" \/>\n<meta property=\"og:site_name\" content=\"Staghorn\" \/>\n<meta property=\"article:modified_time\" content=\"2026-03-06T11:39:15+00:00\" \/>\n<meta property=\"og:image\" content=\"https:\/\/staghorn.pl\/wp-content\/uploads\/2025\/11\/5-6.jpg\" \/>\n\t<meta property=\"og:image:width\" content=\"640\" \/>\n\t<meta property=\"og:image:height\" content=\"800\" \/>\n\t<meta property=\"og:image:type\" content=\"image\/jpeg\" \/>\n<meta name=\"twitter:card\" content=\"summary_large_image\" \/>\n<meta name=\"twitter:label1\" content=\"Szacowany czas czytania\" \/>\n\t<meta name=\"twitter:data1\" content=\"2 minuty\" \/>\n<script type=\"application\/ld+json\" class=\"yoast-schema-graph\">{\"@context\":\"https:\\\/\\\/schema.org\",\"@graph\":[{\"@type\":\"WebPage\",\"@id\":\"https:\\\/\\\/staghorn.pl\\\/?product=kolczyki-siam-ember\",\"url\":\"https:\\\/\\\/staghorn.pl\\\/?product=kolczyki-siam-ember\",\"name\":\"Kolczyki Siam Ember \u2013 seria Filigree Weave - Staghorn\",\"isPartOf\":{\"@id\":\"https:\\\/\\\/staghorn.pl\\\/#website\"},\"primaryImageOfPage\":{\"@id\":\"https:\\\/\\\/staghorn.pl\\\/?product=kolczyki-siam-ember#primaryimage\"},\"image\":{\"@id\":\"https:\\\/\\\/staghorn.pl\\\/?product=kolczyki-siam-ember#primaryimage\"},\"thumbnailUrl\":\"https:\\\/\\\/staghorn.pl\\\/wp-content\\\/uploads\\\/2025\\\/11\\\/5-6.jpg\",\"datePublished\":\"2025-11-27T13:16:41+00:00\",\"dateModified\":\"2026-03-06T11:39:15+00:00\",\"description\":\"Eleganckie czerwone kolczyki Siam Ember z kryszta\u0142k\u00f3w. R\u0119cznie wykonana bi\u017cuteria handmade \u2013 wyrazista, lekka i idealna na prezent.\",\"breadcrumb\":{\"@id\":\"https:\\\/\\\/staghorn.pl\\\/?product=kolczyki-siam-ember#breadcrumb\"},\"inLanguage\":\"pl-PL\",\"potentialAction\":[{\"@type\":\"ReadAction\",\"target\":[\"https:\\\/\\\/staghorn.pl\\\/?product=kolczyki-siam-ember\"]}]},{\"@type\":\"ImageObject\",\"inLanguage\":\"pl-PL\",\"@id\":\"https:\\\/\\\/staghorn.pl\\\/?product=kolczyki-siam-ember#primaryimage\",\"url\":\"https:\\\/\\\/staghorn.pl\\\/wp-content\\\/uploads\\\/2025\\\/11\\\/5-6.jpg\",\"contentUrl\":\"https:\\\/\\\/staghorn.pl\\\/wp-content\\\/uploads\\\/2025\\\/11\\\/5-6.jpg\",\"width\":640,\"height\":800,\"caption\":\"Czerwone kolczyki Siam + Topaz \u2013 elegancja w z\u0142otym wyko\u0144czeniu.\"},{\"@type\":\"BreadcrumbList\",\"@id\":\"https:\\\/\\\/staghorn.pl\\\/?product=kolczyki-siam-ember#breadcrumb\",\"itemListElement\":[{\"@type\":\"ListItem\",\"position\":1,\"name\":\"Strona g\u0142\u00f3wna\",\"item\":\"https:\\\/\\\/staghorn.pl\\\/\"},{\"@type\":\"ListItem\",\"position\":2,\"name\":\"Sklep\",\"item\":\"https:\\\/\\\/staghorn.pl\\\/?page_id=395\"},{\"@type\":\"ListItem\",\"position\":3,\"name\":\"Kolczyki Siam Ember \u2013 seria Filigree Weave\"}]},{\"@type\":\"WebSite\",\"@id\":\"https:\\\/\\\/staghorn.pl\\\/#website\",\"url\":\"https:\\\/\\\/staghorn.pl\\\/\",\"name\":\"Staghorn\",\"description\":\"\",\"publisher\":{\"@id\":\"https:\\\/\\\/staghorn.pl\\\/#\\\/schema\\\/person\\\/985c0f377b3807be4ab7ca84c02a0459\"},\"potentialAction\":[{\"@type\":\"SearchAction\",\"target\":{\"@type\":\"EntryPoint\",\"urlTemplate\":\"https:\\\/\\\/staghorn.pl\\\/?s={search_term_string}\"},\"query-input\":{\"@type\":\"PropertyValueSpecification\",\"valueRequired\":true,\"valueName\":\"search_term_string\"}}],\"inLanguage\":\"pl-PL\"},{\"@type\":[\"Person\",\"Organization\"],\"@id\":\"https:\\\/\\\/staghorn.pl\\\/#\\\/schema\\\/person\\\/985c0f377b3807be4ab7ca84c02a0459\",\"name\":\"Kasia\",\"image\":{\"@type\":\"ImageObject\",\"inLanguage\":\"pl-PL\",\"@id\":\"https:\\\/\\\/staghorn.pl\\\/wp-content\\\/uploads\\\/2024\\\/05\\\/cropped-2.png\",\"url\":\"https:\\\/\\\/staghorn.pl\\\/wp-content\\\/uploads\\\/2024\\\/05\\\/cropped-2.png\",\"contentUrl\":\"https:\\\/\\\/staghorn.pl\\\/wp-content\\\/uploads\\\/2024\\\/05\\\/cropped-2.png\",\"width\":512,\"height\":512,\"caption\":\"Kasia\"},\"logo\":{\"@id\":\"https:\\\/\\\/staghorn.pl\\\/wp-content\\\/uploads\\\/2024\\\/05\\\/cropped-2.png\"},\"sameAs\":[\"http:\\\/\\\/staghorn.pl\"]}]}<\/script>\n<!-- \/ Yoast SEO plugin. -->","yoast_head_json":{"title":"Kolczyki Siam Ember \u2013 seria Filigree Weave - Staghorn","description":"Eleganckie czerwone kolczyki Siam Ember z kryszta\u0142k\u00f3w. R\u0119cznie wykonana bi\u017cuteria handmade \u2013 wyrazista, lekka i idealna na prezent.","robots":{"index":"index","follow":"follow","max-snippet":"max-snippet:-1","max-image-preview":"max-image-preview:large","max-video-preview":"max-video-preview:-1"},"canonical":"https:\/\/staghorn.pl\/?product=kolczyki-siam-ember","og_locale":"pl_PL","og_type":"article","og_title":"Kolczyki Siam Ember \u2013 seria Filigree Weave - Staghorn","og_description":"Eleganckie czerwone kolczyki Siam Ember z kryszta\u0142k\u00f3w. R\u0119cznie wykonana bi\u017cuteria handmade \u2013 wyrazista, lekka i idealna na prezent.","og_url":"https:\/\/staghorn.pl\/?product=kolczyki-siam-ember","og_site_name":"Staghorn","article_modified_time":"2026-03-06T11:39:15+00:00","og_image":[{"width":640,"height":800,"url":"https:\/\/staghorn.pl\/wp-content\/uploads\/2025\/11\/5-6.jpg","type":"image\/jpeg"}],"twitter_card":"summary_large_image","twitter_misc":{"Szacowany czas czytania":"2 minuty"},"schema":{"@context":"https:\/\/schema.org","@graph":[{"@type":"WebPage","@id":"https:\/\/staghorn.pl\/?product=kolczyki-siam-ember","url":"https:\/\/staghorn.pl\/?product=kolczyki-siam-ember","name":"Kolczyki Siam Ember \u2013 seria Filigree Weave - Staghorn","isPartOf":{"@id":"https:\/\/staghorn.pl\/#website"},"primaryImageOfPage":{"@id":"https:\/\/staghorn.pl\/?product=kolczyki-siam-ember#primaryimage"},"image":{"@id":"https:\/\/staghorn.pl\/?product=kolczyki-siam-ember#primaryimage"},"thumbnailUrl":"https:\/\/staghorn.pl\/wp-content\/uploads\/2025\/11\/5-6.jpg","datePublished":"2025-11-27T13:16:41+00:00","dateModified":"2026-03-06T11:39:15+00:00","description":"Eleganckie czerwone kolczyki Siam Ember z kryszta\u0142k\u00f3w. R\u0119cznie wykonana bi\u017cuteria handmade \u2013 wyrazista, lekka i idealna na prezent.","breadcrumb":{"@id":"https:\/\/staghorn.pl\/?product=kolczyki-siam-ember#breadcrumb"},"inLanguage":"pl-PL","potentialAction":[{"@type":"ReadAction","target":["https:\/\/staghorn.pl\/?product=kolczyki-siam-ember"]}]},{"@type":"ImageObject","inLanguage":"pl-PL","@id":"https:\/\/staghorn.pl\/?product=kolczyki-siam-ember#primaryimage","url":"https:\/\/staghorn.pl\/wp-content\/uploads\/2025\/11\/5-6.jpg","contentUrl":"https:\/\/staghorn.pl\/wp-content\/uploads\/2025\/11\/5-6.jpg","width":640,"height":800,"caption":"Czerwone kolczyki Siam + Topaz \u2013 elegancja w z\u0142otym wyko\u0144czeniu."},{"@type":"BreadcrumbList","@id":"https:\/\/staghorn.pl\/?product=kolczyki-siam-ember#breadcrumb","itemListElement":[{"@type":"ListItem","position":1,"name":"Strona g\u0142\u00f3wna","item":"https:\/\/staghorn.pl\/"},{"@type":"ListItem","position":2,"name":"Sklep","item":"https:\/\/staghorn.pl\/?page_id=395"},{"@type":"ListItem","position":3,"name":"Kolczyki Siam Ember \u2013 seria Filigree Weave"}]},{"@type":"WebSite","@id":"https:\/\/staghorn.pl\/#website","url":"https:\/\/staghorn.pl\/","name":"Staghorn","description":"","publisher":{"@id":"https:\/\/staghorn.pl\/#\/schema\/person\/985c0f377b3807be4ab7ca84c02a0459"},"potentialAction":[{"@type":"SearchAction","target":{"@type":"EntryPoint","urlTemplate":"https:\/\/staghorn.pl\/?s={search_term_string}"},"query-input":{"@type":"PropertyValueSpecification","valueRequired":true,"valueName":"search_term_string"}}],"inLanguage":"pl-PL"},{"@type":["Person","Organization"],"@id":"https:\/\/staghorn.pl\/#\/schema\/person\/985c0f377b3807be4ab7ca84c02a0459","name":"Kasia","image":{"@type":"ImageObject","inLanguage":"pl-PL","@id":"https:\/\/staghorn.pl\/wp-content\/uploads\/2024\/05\/cropped-2.png","url":"https:\/\/staghorn.pl\/wp-content\/uploads\/2024\/05\/cropped-2.png","contentUrl":"https:\/\/staghorn.pl\/wp-content\/uploads\/2024\/05\/cropped-2.png","width":512,"height":512,"caption":"Kasia"},"logo":{"@id":"https:\/\/staghorn.pl\/wp-content\/uploads\/2024\/05\/cropped-2.png"},"sameAs":["http:\/\/staghorn.pl"]}]}},"jetpack_sharing_enabled":true,"_links":{"self":[{"href":"https:\/\/staghorn.pl\/index.php?rest_route=\/wp\/v2\/product\/2155","targetHints":{"allow":["GET"]}}],"collection":[{"href":"https:\/\/staghorn.pl\/index.php?rest_route=\/wp\/v2\/product"}],"about":[{"href":"https:\/\/staghorn.pl\/index.php?rest_route=\/wp\/v2\/types\/product"}],"replies":[{"embeddable":true,"href":"https:\/\/staghorn.pl\/index.php?rest_route=%2Fwp%2Fv2%2Fcomments&post=2155"}],"wp:featuredmedia":[{"embeddable":true,"href":"https:\/\/staghorn.pl\/index.php?rest_route=\/wp\/v2\/media\/2087"}],"wp:attachment":[{"href":"https:\/\/staghorn.pl\/index.php?rest_route=%2Fwp%2Fv2%2Fmedia&parent=2155"}],"wp:term":[{"taxonomy":"product_brand","embeddable":true,"href":"https:\/\/staghorn.pl\/index.php?rest_route=%2Fwp%2Fv2%2Fproduct_brand&post=2155"},{"taxonomy":"product_cat","embeddable":true,"href":"https:\/\/staghorn.pl\/index.php?rest_route=%2Fwp%2Fv2%2Fproduct_cat&post=2155"},{"taxonomy":"product_tag","embeddable":true,"href":"https:\/\/staghorn.pl\/index.php?rest_route=%2Fwp%2Fv2%2Fproduct_tag&post=2155"}],"curies":[{"name":"wp","href":"https:\/\/api.w.org\/{rel}","templated":true}]}}